Last updated on 2023-12-06 04:55:58 CET.
Flavor | Version | Tinstall | Tcheck | Ttotal | Status | Flags |
---|---|---|---|---|---|---|
r-devel-linux-x86_64-debian-clang | 0.4-2 | 7.87 | 91.41 | 99.28 | NOTE | |
r-devel-linux-x86_64-debian-gcc | 0.4-2 | 6.35 | 68.86 | 75.21 | NOTE | |
r-devel-linux-x86_64-fedora-clang | 0.4-2 | 121.21 | NOTE | |||
r-devel-linux-x86_64-fedora-gcc | 0.4-2 | 127.49 | NOTE | |||
r-devel-windows-x86_64 | 0.4-2 | 8.00 | 107.00 | 115.00 | NOTE | |
r-patched-linux-x86_64 | 0.4-2 | 5.13 | 87.57 | 92.70 | NOTE | |
r-release-linux-x86_64 | 0.4-2 | 5.02 | 85.80 | 90.82 | NOTE | |
r-release-macos-arm64 | 0.4-2 | 57.00 | NOTE | |||
r-release-macos-x86_64 | 0.4-2 | 84.00 | NOTE | |||
r-release-windows-x86_64 | 0.4-2 | 10.00 | 130.00 | 140.00 | NOTE | |
r-oldrel-macos-arm64 | 0.4-2 | 55.00 | NOTE | |||
r-oldrel-macos-x86_64 | 0.4-2 | 63.00 | NOTE | |||
r-oldrel-windows-x86_64 | 0.4-2 | 10.00 | 129.00 | 139.00 | NOTE |
Version: 0.4-2
Check: Rd files
Result: NOTE
checkRd: (-1) fit_mpt.Rd:139-142: Lost braces in \itemize; meant \describe ?
checkRd: (-1) fit_mpt.Rd:143-148: Lost braces in \itemize; meant \describe ?
checkRd: (-1) fit_mpt.Rd:149-159: Lost braces in \itemize; meant \describe ?
checkRd: (-1) fit_mpt.Rd:167-168: Lost braces in \itemize; meant \describe ?
checkRd: (-1) fit_mpt.Rd:169: Lost braces in \itemize; meant \describe ?
checkRd: (-1) fit_mpt.Rd:170: Lost braces in \itemize; meant \describe ?
checkRd: (-1) fit_mpt.Rd:171: Lost braces in \itemize; meant \describe ?
checkRd: (-1) fit_mpt.Rd:176-177: Lost braces in \itemize; meant \describe ?
checkRd: (-1) fit_mpt.Rd:178-179: Lost braces in \itemize; meant \describe ?
checkRd: (-1) fit_mpt.Rd:180-181: Lost braces in \itemize; meant \describe ?
checkRd: (-1) fit_mpt.Rd:182-184: Lost braces in \itemize; meant \describe ?
checkRd: (-1) fit_mpt.Rd:185-186: Lost braces in \itemize; meant \describe ?
checkRd: (-1) fit_mpt.Rd:187-188: Lost braces in \itemize; meant \describe ?
checkRd: (-1) mpt_options.Rd:12: Lost braces in \itemize; meant \describe ?
checkRd: (-1) mpt_options.Rd:13: Lost braces in \itemize; meant \describe ?
checkRd: (-1) mpt_options.Rd:14: Lost braces in \itemize; meant \describe ?
checkRd: (-1) mpt_options.Rd:15: Lost braces in \itemize; meant \describe ?
checkRd: (-1) mpt_options.Rd:16: Lost braces in \itemize; meant \describe ?
checkRd: (-1) mpt_options.Rd:17: Lost braces in \itemize; meant \describe ?
checkRd: (-1) mpt_options.Rd:18: Lost braces in \itemize; meant \describe ?
checkRd: (-1) mpt_options.Rd:19: Lost braces in \itemize; meant \describe ?
checkRd: (-1) mpt_options.Rd:20: Lost braces in \itemize; meant \describe ?
checkRd: (-1) mpt_options.Rd:21: Lost braces in \itemize; meant \describe ?
checkRd: (-1) mpt_options.Rd:22: Lost braces in \itemize; meant \describe ?
checkRd: (-1) mpt_options.Rd:23: Lost braces in \itemize; meant \describe ?
checkRd: (-1) mpt_options.Rd:24: Lost braces in \itemize; meant \describe ?
checkRd: (-1) mpt_options.Rd:25: Lost braces in \itemize; meant \describe ?
checkRd: (-1) mpt_options.Rd:26: Lost braces in \itemize; meant \describe ?
checkRd: (-1) mpt_options.Rd:27: Lost braces in \itemize; meant \describe ?
Flavors: r-devel-linux-x86_64-debian-clang, r-devel-linux-x86_64-debian-gcc
Version: 0.4-2
Check: LazyData
Result: NOTE
'LazyData' is specified without a 'data' directory
Flavors: r-devel-linux-x86_64-debian-clang, r-devel-linux-x86_64-debian-gcc, r-devel-linux-x86_64-fedora-clang, r-devel-linux-x86_64-fedora-gcc, r-devel-windows-x86_64, r-patched-linux-x86_64, r-release-linux-x86_64, r-release-macos-arm64, r-release-macos-x86_64, r-release-windows-x86_64, r-oldrel-macos-arm64, r-oldrel-macos-x86_64, r-oldrel-windows-x86_64