CRAN Package Check Results for Package MPTmultiverse

Last updated on 2024-06-14 05:58:30 CEST.

Flavor Version Tinstall Tcheck Ttotal Status Flags
r-devel-linux-x86_64-debian-clang 0.4-2 8.70 101.11 109.81 NOTE
r-devel-linux-x86_64-debian-gcc 0.4-2 0.40 1.76 2.16 ERROR
r-devel-linux-x86_64-fedora-clang 0.4-2 136.84 NOTE
r-devel-linux-x86_64-fedora-gcc 0.4-2 142.25 NOTE
r-devel-windows-x86_64 0.4-2 8.00 104.00 112.00 NOTE
r-patched-linux-x86_64 0.4-2 7.91 96.03 103.94 NOTE
r-release-linux-x86_64 0.4-2 5.01 95.79 100.80 NOTE
r-release-macos-arm64 0.4-2 58.00 NOTE
r-release-macos-x86_64 0.4-2 118.00 NOTE
r-release-windows-x86_64 0.4-2 9.00 104.00 113.00 NOTE
r-oldrel-macos-arm64 0.4-2 57.00 NOTE
r-oldrel-macos-x86_64 0.4-2 84.00 NOTE
r-oldrel-windows-x86_64 0.4-2 11.00 127.00 138.00 NOTE

Check Details

Version: 0.4-2
Check: Rd files
Result: NOTE checkRd: (-1) fit_mpt.Rd:139-142: Lost braces in \itemize; meant \describe ? checkRd: (-1) fit_mpt.Rd:143-148: Lost braces in \itemize; meant \describe ? checkRd: (-1) fit_mpt.Rd:149-159: Lost braces in \itemize; meant \describe ? checkRd: (-1) fit_mpt.Rd:167-168: Lost braces in \itemize; meant \describe ? checkRd: (-1) fit_mpt.Rd:169: Lost braces in \itemize; meant \describe ? checkRd: (-1) fit_mpt.Rd:170: Lost braces in \itemize; meant \describe ? checkRd: (-1) fit_mpt.Rd:171: Lost braces in \itemize; meant \describe ? checkRd: (-1) fit_mpt.Rd:176-177: Lost braces in \itemize; meant \describe ? checkRd: (-1) fit_mpt.Rd:178-179: Lost braces in \itemize; meant \describe ? checkRd: (-1) fit_mpt.Rd:180-181: Lost braces in \itemize; meant \describe ? checkRd: (-1) fit_mpt.Rd:182-184: Lost braces in \itemize; meant \describe ? checkRd: (-1) fit_mpt.Rd:185-186: Lost braces in \itemize; meant \describe ? checkRd: (-1) fit_mpt.Rd:187-188: Lost braces in \itemize; meant \describe ? checkRd: (-1) mpt_options.Rd:12: Lost braces in \itemize; meant \describe ? checkRd: (-1) mpt_options.Rd:13: Lost braces in \itemize; meant \describe ? checkRd: (-1) mpt_options.Rd:14: Lost braces in \itemize; meant \describe ? checkRd: (-1) mpt_options.Rd:15: Lost braces in \itemize; meant \describe ? checkRd: (-1) mpt_options.Rd:16: Lost braces in \itemize; meant \describe ? checkRd: (-1) mpt_options.Rd:17: Lost braces in \itemize; meant \describe ? checkRd: (-1) mpt_options.Rd:18: Lost braces in \itemize; meant \describe ? checkRd: (-1) mpt_options.Rd:19: Lost braces in \itemize; meant \describe ? checkRd: (-1) mpt_options.Rd:20: Lost braces in \itemize; meant \describe ? checkRd: (-1) mpt_options.Rd:21: Lost braces in \itemize; meant \describe ? checkRd: (-1) mpt_options.Rd:22: Lost braces in \itemize; meant \describe ? checkRd: (-1) mpt_options.Rd:23: Lost braces in \itemize; meant \describe ? checkRd: (-1) mpt_options.Rd:24: Lost braces in \itemize; meant \describe ? checkRd: (-1) mpt_options.Rd:25: Lost braces in \itemize; meant \describe ? checkRd: (-1) mpt_options.Rd:26: Lost braces in \itemize; meant \describe ? checkRd: (-1) mpt_options.Rd:27: Lost braces in \itemize; meant \describe ? Flavors: r-devel-linux-x86_64-debian-clang, r-devel-linux-x86_64-fedora-clang, r-devel-linux-x86_64-fedora-gcc, r-devel-windows-x86_64, r-patched-linux-x86_64, r-release-linux-x86_64, r-release-macos-arm64, r-release-macos-x86_64, r-release-windows-x86_64

Version: 0.4-2
Check: LazyData
Result: NOTE 'LazyData' is specified without a 'data' directory Flavors: r-devel-linux-x86_64-debian-clang, r-devel-linux-x86_64-fedora-clang, r-devel-linux-x86_64-fedora-gcc, r-devel-windows-x86_64, r-patched-linux-x86_64, r-release-linux-x86_64, r-release-macos-arm64, r-release-macos-x86_64, r-release-windows-x86_64, r-oldrel-macos-arm64, r-oldrel-macos-x86_64, r-oldrel-windows-x86_64

Version: 0.4-2
Check: package dependencies
Result: ERROR Packages required but not available: 'tidyr', 'dplyr', 'tibble', 'reshape2', 'ggplot2', 'purrr', 'readr' Package suggested but not available for checking: ‘testthat’ See section ‘The DESCRIPTION file’ in the ‘Writing R Extensions’ manual. Flavor: r-devel-linux-x86_64-debian-gcc