Last updated on 2023-12-08 05:02:10 CET.
Flavor | Version | Tinstall | Tcheck | Ttotal | Status | Flags |
---|---|---|---|---|---|---|
r-devel-linux-x86_64-debian-clang | 0.8.0 | 46.45 | 57.66 | 104.11 | NOTE | |
r-devel-linux-x86_64-debian-gcc | 0.8.0 | 37.25 | 40.74 | 77.99 | NOTE | |
r-devel-linux-x86_64-fedora-clang | 0.8.0 | 144.88 | NOTE | |||
r-devel-linux-x86_64-fedora-gcc | 0.8.0 | 139.72 | NOTE | |||
r-devel-windows-x86_64 | 0.8.0 | 39.00 | 84.00 | 123.00 | NOTE | |
r-patched-linux-x86_64 | 0.8.0 | 41.76 | 51.60 | 93.36 | NOTE | |
r-release-linux-x86_64 | 0.8.0 | 42.81 | 52.42 | 95.23 | NOTE | |
r-release-macos-arm64 | 0.8.0 | 44.00 | NOTE | |||
r-release-macos-x86_64 | 0.8.0 | 58.00 | NOTE | |||
r-release-windows-x86_64 | 0.8.0 | 51.00 | 94.00 | 145.00 | NOTE | |
r-oldrel-macos-arm64 | 0.8.0 | 42.00 | NOTE | |||
r-oldrel-macos-x86_64 | 0.8.0 | 72.00 | NOTE | |||
r-oldrel-windows-x86_64 | 0.8.0 | 48.00 | 88.00 | 136.00 | NOTE |
Version: 0.8.0
Check: LazyData
Result: NOTE
'LazyData' is specified without a 'data' directory
Flavors: r-devel-linux-x86_64-debian-clang, r-devel-linux-x86_64-debian-gcc, r-devel-linux-x86_64-fedora-clang, r-devel-linux-x86_64-fedora-gcc, r-devel-windows-x86_64, r-patched-linux-x86_64, r-release-linux-x86_64, r-release-macos-arm64, r-release-macos-x86_64, r-release-windows-x86_64, r-oldrel-macos-arm64, r-oldrel-macos-x86_64, r-oldrel-windows-x86_64