Last updated on 2023-10-01 05:53:17 CEST.
Flavor | Version | Tinstall | Tcheck | Ttotal | Status | Flags |
---|---|---|---|---|---|---|
r-devel-linux-x86_64-debian-clang | 1.1.1 | 2.60 | 25.02 | 27.62 | NOTE | |
r-devel-linux-x86_64-debian-gcc | 1.1.1 | 2.26 | 19.57 | 21.83 | NOTE | |
r-devel-linux-x86_64-fedora-clang | 1.1.1 | 34.46 | NOTE | |||
r-devel-linux-x86_64-fedora-gcc | 1.1.1 | 35.44 | NOTE | |||
r-devel-windows-x86_64 | 1.1.1 | 4.00 | 49.00 | 53.00 | NOTE | |
r-patched-linux-x86_64 | 1.1.1 | 2.95 | 24.51 | 27.46 | NOTE | |
r-release-linux-x86_64 | 1.1.1 | 2.07 | 24.50 | 26.57 | NOTE | |
r-release-macos-arm64 | 1.1.1 | 17.00 | NOTE | |||
r-release-macos-x86_64 | 1.1.1 | 22.00 | NOTE | |||
r-release-windows-x86_64 | 1.1.1 | 5.00 | 46.00 | 51.00 | NOTE | |
r-oldrel-macos-arm64 | 1.1.1 | 15.00 | NOTE | |||
r-oldrel-macos-x86_64 | 1.1.1 | 24.00 | NOTE | |||
r-oldrel-windows-x86_64 | 1.1.1 | 5.00 | 48.00 | 53.00 | NOTE |
Version: 1.1.1
Check: LazyData
Result: NOTE
'LazyData' is specified without a 'data' directory
Flavors: r-devel-linux-x86_64-debian-clang, r-devel-linux-x86_64-debian-gcc, r-devel-linux-x86_64-fedora-clang, r-devel-linux-x86_64-fedora-gcc, r-devel-windows-x86_64, r-patched-linux-x86_64, r-release-linux-x86_64, r-release-macos-arm64, r-release-macos-x86_64, r-release-windows-x86_64, r-oldrel-macos-arm64, r-oldrel-macos-x86_64, r-oldrel-windows-x86_64
Version: 1.1.1
Check: dependencies in R code
Result: NOTE
Namespace in Imports field not imported from: ‘utils’
All declared Imports should be used.
Flavors: r-devel-linux-x86_64-fedora-clang, r-devel-linux-x86_64-fedora-gcc, r-oldrel-macos-arm64, r-oldrel-macos-x86_64