CRAN Package Check Results for Package MIDASwrappeR

Last updated on 2024-02-23 05:07:25 CET.

Flavor Version Tinstall Tcheck Ttotal Status Flags
r-devel-linux-x86_64-debian-clang 0.5.1 NOTE
r-devel-linux-x86_64-debian-gcc 0.5.1 28.67 37.23 65.90 NOTE
r-devel-linux-x86_64-fedora-clang 0.5.1 127.90 NOTE
r-devel-linux-x86_64-fedora-gcc 0.5.1 128.88 NOTE
r-devel-windows-x86_64 0.5.1 31.00 107.00 138.00 NOTE
r-patched-linux-x86_64 0.5.1 39.51 47.10 86.61 OK
r-release-linux-x86_64 0.5.1 35.83 47.66 83.49 OK
r-release-macos-arm64 0.5.1 44.00 OK
r-release-macos-x86_64 0.5.1 71.00 OK
r-release-windows-x86_64 0.5.1 28.00 100.00 128.00 OK
r-oldrel-macos-arm64 0.5.1 38.00 OK
r-oldrel-windows-x86_64 0.5.1 37.00 98.00 135.00 OK

Check Details

Version: 0.5.1
Check: Rd contents
Result: NOTE Auto-generated content requiring editing in Rd file 'MIDASwrappeR-package.Rd': \references: ‘This optional section can contain literature or other refere...’ \seealso: ‘Optional links to other man pages’ \examples: ‘## Optional simple examples of the most important functions ...’ Flavors: r-devel-linux-x86_64-debian-clang, r-devel-linux-x86_64-debian-gcc, r-devel-linux-x86_64-fedora-clang, r-devel-linux-x86_64-fedora-gcc, r-devel-windows-x86_64