Last updated on 2023-12-11 04:51:11 CET.
Flavor | Version | Tinstall | Tcheck | Ttotal | Status | Flags |
---|---|---|---|---|---|---|
r-devel-linux-x86_64-debian-clang | 3.0 | 3.42 | 29.63 | 33.05 | NOTE | |
r-devel-linux-x86_64-debian-gcc | 3.0 | 2.50 | 23.11 | 25.61 | NOTE | |
r-devel-linux-x86_64-fedora-clang | 3.0 | 41.21 | NOTE | |||
r-devel-linux-x86_64-fedora-gcc | 3.0 | 41.35 | NOTE | |||
r-devel-windows-x86_64 | 3.0 | 3.00 | 43.00 | 46.00 | NOTE | |
r-patched-linux-x86_64 | 3.0 | 3.50 | 29.85 | 33.35 | NOTE | |
r-release-linux-x86_64 | 3.0 | 2.19 | 29.12 | 31.31 | NOTE | |
r-release-macos-arm64 | 3.0 | 17.00 | NOTE | |||
r-release-macos-x86_64 | 3.0 | 24.00 | NOTE | |||
r-release-windows-x86_64 | 3.0 | 4.00 | 46.00 | 50.00 | NOTE | |
r-oldrel-macos-arm64 | 3.0 | 18.00 | NOTE | |||
r-oldrel-macos-x86_64 | 3.0 | 25.00 | NOTE | |||
r-oldrel-windows-x86_64 | 3.0 | 4.00 | 52.00 | 56.00 | NOTE |
Version: 3.0
Check: LazyData
Result: NOTE
'LazyData' is specified without a 'data' directory
Flavors: r-devel-linux-x86_64-debian-clang, r-devel-linux-x86_64-debian-gcc, r-devel-linux-x86_64-fedora-clang, r-devel-linux-x86_64-fedora-gcc, r-devel-windows-x86_64, r-patched-linux-x86_64, r-release-linux-x86_64, r-release-macos-arm64, r-release-macos-x86_64, r-release-windows-x86_64, r-oldrel-macos-arm64, r-oldrel-macos-x86_64, r-oldrel-windows-x86_64