Last updated on 2023-11-28 04:57:24 CET.
Flavor | Version | Tinstall | Tcheck | Ttotal | Status | Flags |
---|---|---|---|---|---|---|
r-devel-linux-x86_64-debian-clang | 1.4.0 | 16.73 | 142.62 | 159.35 | NOTE | |
r-devel-linux-x86_64-debian-gcc | 1.4.0 | 13.38 | 106.68 | 120.06 | NOTE | |
r-devel-linux-x86_64-fedora-clang | 1.4.0 | 196.77 | OK | |||
r-devel-linux-x86_64-fedora-gcc | 1.4.0 | 211.01 | OK | |||
r-devel-windows-x86_64 | 1.4.0 | 16.00 | 120.00 | 136.00 | OK | |
r-patched-linux-x86_64 | 1.4.0 | 19.46 | 139.32 | 158.78 | OK | |
r-release-linux-x86_64 | 1.4.0 | 19.33 | 138.15 | 157.48 | OK | |
r-release-macos-arm64 | 1.4.0 | 62.00 | OK | |||
r-release-macos-x86_64 | 1.4.0 | 104.00 | OK | |||
r-release-windows-x86_64 | 1.4.0 | 21.00 | 146.00 | 167.00 | OK | |
r-oldrel-macos-arm64 | 1.4.0 | 55.00 | OK | |||
r-oldrel-macos-x86_64 | 1.4.0 | 75.00 | OK | |||
r-oldrel-windows-x86_64 | 1.4.0 | 21.00 | 142.00 | 163.00 | OK |
Version: 1.4.0
Check: Rd files
Result: NOTE
checkRd: (-1) MEDseq-package.Rd:33: Lost braces in \itemize; meant \describe ?
checkRd: (-1) MEDseq-package.Rd:34: Lost braces in \itemize; meant \describe ?
checkRd: (-1) MEDseq-package.Rd:35: Lost braces in \itemize; meant \describe ?
checkRd: (-1) MEDseq-package.Rd:36: Lost braces in \itemize; meant \describe ?
checkRd: (-1) MEDseq-package.Rd:37: Lost braces in \itemize; meant \describe ?
Flavors: r-devel-linux-x86_64-debian-clang, r-devel-linux-x86_64-debian-gcc