Last updated on 2023-12-06 04:55:56 CET.
Flavor | Version | Tinstall | Tcheck | Ttotal | Status | Flags |
---|---|---|---|---|---|---|
r-devel-linux-x86_64-debian-clang | 1.6-3 | 742.26 | 155.84 | 898.10 | WARN | |
r-devel-linux-x86_64-debian-gcc | 1.6-3 | 350.93 | 118.32 | 469.25 | WARN | |
r-devel-linux-x86_64-fedora-clang | 1.6-3 | 1131.71 | WARN | |||
r-devel-linux-x86_64-fedora-gcc | 1.6-3 | 934.31 | WARN | |||
r-devel-windows-x86_64 | 1.6-3 | 300.00 | 170.00 | 470.00 | WARN | |
r-patched-linux-x86_64 | 1.6-3 | 384.62 | 153.18 | 537.80 | NOTE | |
r-release-linux-x86_64 | 1.6-3 | 402.31 | 153.15 | 555.46 | NOTE | |
r-release-macos-arm64 | 1.6-3 | 255.00 | NOTE | |||
r-release-macos-x86_64 | 1.6-3 | 479.00 | NOTE | |||
r-release-windows-x86_64 | 1.6-3 | 384.00 | 206.00 | 590.00 | WARN | |
r-oldrel-macos-arm64 | 1.6-3 | 267.00 | NOTE | |||
r-oldrel-macos-x86_64 | 1.6-3 | 282.00 | NOTE | |||
r-oldrel-windows-x86_64 | 1.6-3 | 348.00 | 174.00 | 522.00 | OK |
Version: 1.6-3
Check: whether package can be installed
Result: WARN
Found the following significant warnings:
./error.h:628:13: warning: format string is not a string literal (potentially insecure) [-Wformat-security]
./rng.h:1168:13: warning: format string is not a string literal (potentially insecure) [-Wformat-security]
cHDPHSMMnegbin.cc:570:42: warning: data argument not used by format string [-Wformat-extra-args]
cHMMpanelRE.cc:406:46: warning: data argument not used by format string [-Wformat-extra-args]
cHMMpanelRE.cc:407:49: warning: data argument not used by format string [-Wformat-extra-args]
cHMMpanelRE.cc:408:51: warning: data argument not used by format string [-Wformat-extra-args]
cHMMpanelRE.cc:409:45: warning: data argument not used by format string [-Wformat-extra-args]
cHMMpanelRE.cc:410:55: warning: data argument not used by format string [-Wformat-extra-args]
./rng.h:1238:13: warning: format string is not a string literal (potentially insecure) [-Wformat-security]
cMCMCoprobitChange.cc:49:98: warning: data argument not used by format string [-Wformat-extra-args]
cMCMCpaircompare2d.cc:448:73: warning: data argument not used by format string [-Wformat-extra-args]
cMCMCpaircompare2d.cc:449:94: warning: data argument not used by format string [-Wformat-extra-args]
cMCMCpaircompare2d.cc:450:75: warning: data argument not used by format string [-Wformat-extra-args]
cMCMCpaircompare2dDP.cc:765:69: warning: data argument not used by format string [-Wformat-extra-args]
cMCMCpaircompare2dDP.cc:766:90: warning: data argument not used by format string [-Wformat-extra-args]
cMCMCpaircompare2dDP.cc:767:71: warning: data argument not used by format string [-Wformat-extra-args]
cMCMCprobitres.cc:147:51: warning: data argument not used by format string [-Wformat-extra-args]
cMCMCprobitres.cc:148:43: warning: data argument not used by format string [-Wformat-extra-args]
cSSVSquantreg.cc:262:30: warning: format specifies type 'double' but the argument has type 'bool' [-Wformat]
See ‘/home/hornik/tmp/R.check/r-devel-clang/Work/PKGS/MCMCpack.Rcheck/00install.out’ for details.
* used C compiler: ‘Debian clang version 17.0.5 (1)’
* used C++ compiler: ‘Debian clang version 17.0.5 (1)’
Flavor: r-devel-linux-x86_64-debian-clang
Version: 1.6-3
Check: C++ specification
Result: NOTE
Specified C++11: please drop specification unless essential
Flavors: r-devel-linux-x86_64-debian-clang, r-devel-linux-x86_64-debian-gcc, r-devel-linux-x86_64-fedora-clang, r-devel-linux-x86_64-fedora-gcc, r-devel-windows-x86_64, r-patched-linux-x86_64, r-release-linux-x86_64, r-release-macos-arm64, r-release-macos-x86_64, r-release-windows-x86_64
Version: 1.6-3
Check: whether package can be installed
Result: WARN
Found the following significant warnings:
cHDPHSMMnegbin.cc:570:28: warning: too many arguments for format [-Wformat-extra-args]
cHMMpanelRE.cc:406:16: warning: too many arguments for format [-Wformat-extra-args]
cHMMpanelRE.cc:407:16: warning: too many arguments for format [-Wformat-extra-args]
cHMMpanelRE.cc:408:16: warning: too many arguments for format [-Wformat-extra-args]
cHMMpanelRE.cc:409:16: warning: too many arguments for format [-Wformat-extra-args]
cHMMpanelRE.cc:410:16: warning: too many arguments for format [-Wformat-extra-args]
cMCMCoprobitChange.cc:49:13: warning: too many arguments for format [-Wformat-extra-args]
cMCMCpaircompare2d.cc:448:15: warning: too many arguments for format [-Wformat-extra-args]
cMCMCpaircompare2d.cc:449:15: warning: too many arguments for format [-Wformat-extra-args]
cMCMCpaircompare2d.cc:450:15: warning: too many arguments for format [-Wformat-extra-args]
cMCMCpaircompare2dDP.cc:765:25: warning: too many arguments for format [-Wformat-extra-args]
cMCMCpaircompare2dDP.cc:766:25: warning: too many arguments for format [-Wformat-extra-args]
cMCMCpaircompare2dDP.cc:767:25: warning: too many arguments for format [-Wformat-extra-args]
cMCMCprobitres.cc:147:13: warning: too many arguments for format [-Wformat-extra-args]
cMCMCprobitres.cc:148:13: warning: too many arguments for format [-Wformat-extra-args]
cSSVSquantreg.cc:262:24: warning: format ‘%f’ expects argument of type ‘double’, but argument 2 has type ‘int’ [-Wformat=]
See ‘/home/hornik/tmp/R.check/r-devel-gcc/Work/PKGS/MCMCpack.Rcheck/00install.out’ for details.
* used C compiler: ‘gcc-13 (Debian 13.2.0-7) 13.2.0’
* used C++ compiler: ‘g++-13 (Debian 13.2.0-7) 13.2.0’
Flavor: r-devel-linux-x86_64-debian-gcc
Version: 1.6-3
Check: whether package can be installed
Result: WARN
Found the following significant warnings:
./error.h:628:13: warning: format string is not a string literal (potentially insecure) [-Wformat-security]
./rng.h:1168:13: warning: format string is not a string literal (potentially insecure) [-Wformat-security]
cHDPHSMMnegbin.cc:570:42: warning: data argument not used by format string [-Wformat-extra-args]
cHMMpanelRE.cc:406:46: warning: data argument not used by format string [-Wformat-extra-args]
cHMMpanelRE.cc:407:49: warning: data argument not used by format string [-Wformat-extra-args]
cHMMpanelRE.cc:408:51: warning: data argument not used by format string [-Wformat-extra-args]
cHMMpanelRE.cc:409:45: warning: data argument not used by format string [-Wformat-extra-args]
cHMMpanelRE.cc:410:55: warning: data argument not used by format string [-Wformat-extra-args]
./rng.h:1238:13: warning: format string is not a string literal (potentially insecure) [-Wformat-security]
cMCMCoprobitChange.cc:49:98: warning: data argument not used by format string [-Wformat-extra-args]
cMCMCpaircompare2d.cc:448:73: warning: data argument not used by format string [-Wformat-extra-args]
cMCMCpaircompare2d.cc:449:94: warning: data argument not used by format string [-Wformat-extra-args]
cMCMCpaircompare2d.cc:450:75: warning: data argument not used by format string [-Wformat-extra-args]
cMCMCpaircompare2dDP.cc:765:69: warning: data argument not used by format string [-Wformat-extra-args]
cMCMCpaircompare2dDP.cc:766:90: warning: data argument not used by format string [-Wformat-extra-args]
cMCMCpaircompare2dDP.cc:767:71: warning: data argument not used by format string [-Wformat-extra-args]
cMCMCprobitres.cc:147:51: warning: data argument not used by format string [-Wformat-extra-args]
cMCMCprobitres.cc:148:43: warning: data argument not used by format string [-Wformat-extra-args]
cSSVSquantreg.cc:262:30: warning: format specifies type 'double' but the argument has type 'bool' [-Wformat]
See ‘/data/gannet/ripley/R/packages/tests-clang/MCMCpack.Rcheck/00install.out’ for details.
* used C compiler: ‘clang version 17.0.5’
* used C++ compiler: ‘clang version 17.0.5’
Flavor: r-devel-linux-x86_64-fedora-clang
Version: 1.6-3
Check: installed package size
Result: NOTE
installed size is 6.9Mb
sub-directories of 1Mb or more:
libs 5.8Mb
Flavors: r-devel-linux-x86_64-fedora-clang, r-release-macos-arm64, r-release-macos-x86_64, r-oldrel-macos-arm64, r-oldrel-macos-x86_64
Version: 1.6-3
Check: whether package can be installed
Result: WARN
Found the following significant warnings:
cHDPHSMMnegbin.cc:570:28: warning: too many arguments for format [-Wformat-extra-args]
cHMMpanelRE.cc:406:16: warning: too many arguments for format [-Wformat-extra-args]
cHMMpanelRE.cc:407:16: warning: too many arguments for format [-Wformat-extra-args]
cHMMpanelRE.cc:408:16: warning: too many arguments for format [-Wformat-extra-args]
cHMMpanelRE.cc:409:16: warning: too many arguments for format [-Wformat-extra-args]
cHMMpanelRE.cc:410:16: warning: too many arguments for format [-Wformat-extra-args]
cMCMCoprobitChange.cc:49:13: warning: too many arguments for format [-Wformat-extra-args]
cMCMCpaircompare2d.cc:448:15: warning: too many arguments for format [-Wformat-extra-args]
cMCMCpaircompare2d.cc:449:15: warning: too many arguments for format [-Wformat-extra-args]
cMCMCpaircompare2d.cc:450:15: warning: too many arguments for format [-Wformat-extra-args]
cMCMCpaircompare2dDP.cc:765:25: warning: too many arguments for format [-Wformat-extra-args]
cMCMCpaircompare2dDP.cc:766:25: warning: too many arguments for format [-Wformat-extra-args]
cMCMCpaircompare2dDP.cc:767:25: warning: too many arguments for format [-Wformat-extra-args]
cMCMCprobitres.cc:147:13: warning: too many arguments for format [-Wformat-extra-args]
cMCMCprobitres.cc:148:13: warning: too many arguments for format [-Wformat-extra-args]
cSSVSquantreg.cc:262:24: warning: format '%f' expects argument of type 'double', but argument 2 has type 'int' [-Wformat=]
See ‘/data/gannet/ripley/R/packages/tests-devel/MCMCpack.Rcheck/00install.out’ for details.
* used C compiler: ‘gcc-13 (GCC) 13.2.0’
* used C++ compiler: ‘g++-13 (GCC) 13.2.0’
Flavor: r-devel-linux-x86_64-fedora-gcc
Version: 1.6-3
Check: whether package can be installed
Result: WARN
Found the following significant warnings:
datablock.h:124:42: warning: pointer used after 'void operator delete(void*)' [-Wuse-after-free]
cHDPHSMMnegbin.cc:570:28: warning: too many arguments for format [-Wformat-extra-args]
cHMMpanelRE.cc:406:16: warning: too many arguments for format [-Wformat-extra-args]
cHMMpanelRE.cc:407:16: warning: too many arguments for format [-Wformat-extra-args]
cHMMpanelRE.cc:408:16: warning: too many arguments for format [-Wformat-extra-args]
cHMMpanelRE.cc:409:16: warning: too many arguments for format [-Wformat-extra-args]
cHMMpanelRE.cc:410:16: warning: too many arguments for format [-Wformat-extra-args]
cMCMCoprobitChange.cc:49:13: warning: too many arguments for format [-Wformat-extra-args]
cMCMCpaircompare2d.cc:448:15: warning: too many arguments for format [-Wformat-extra-args]
cMCMCpaircompare2d.cc:449:15: warning: too many arguments for format [-Wformat-extra-args]
cMCMCpaircompare2d.cc:450:15: warning: too many arguments for format [-Wformat-extra-args]
cMCMCpaircompare2dDP.cc:765:25: warning: too many arguments for format [-Wformat-extra-args]
cMCMCpaircompare2dDP.cc:766:25: warning: too many arguments for format [-Wformat-extra-args]
cMCMCpaircompare2dDP.cc:767:25: warning: too many arguments for format [-Wformat-extra-args]
cMCMCprobitres.cc:147:13: warning: too many arguments for format [-Wformat-extra-args]
cMCMCprobitres.cc:148:13: warning: too many arguments for format [-Wformat-extra-args]
cSSVSquantreg.cc:262:24: warning: format '%f' expects argument of type 'double', but argument 2 has type 'int' [-Wformat=]
See 'd:/Rcompile/CRANpkg/local/4.4/MCMCpack.Rcheck/00install.out' for details.
* used C compiler: 'gcc.exe (GCC) 12.3.0'
* used C++ compiler: 'g++.exe (GCC) 12.3.0'
Flavor: r-devel-windows-x86_64
Version: 1.6-3
Check: whether package can be installed
Result: WARN
Found the following significant warnings:
datablock.h:124:42: warning: pointer used after 'void operator delete(void*)' [-Wuse-after-free]
See 'd:/Rcompile/CRANpkg/local/4.3/MCMCpack.Rcheck/00install.out' for details.
* used C compiler: 'gcc.exe (GCC) 12.3.0'
* used C++ compiler: 'g++.exe (GCC) 12.3.0'
Flavor: r-release-windows-x86_64