Last updated on 2023-11-30 04:52:57 CET.
Flavor | Version | Tinstall | Tcheck | Ttotal | Status | Flags |
---|---|---|---|---|---|---|
r-devel-linux-x86_64-debian-clang | 0.5.4 | 11.92 | 238.16 | 250.08 | NOTE | |
r-devel-linux-x86_64-debian-gcc | 0.5.4 | 9.48 | 174.65 | 184.13 | NOTE | |
r-devel-linux-x86_64-fedora-clang | 0.5.4 | 295.58 | OK | |||
r-devel-linux-x86_64-fedora-gcc | 0.5.4 | 305.41 | OK | |||
r-devel-windows-x86_64 | 0.5.4 | 10.00 | 175.00 | 185.00 | OK | |
r-patched-linux-x86_64 | 0.5.4 | 9.47 | 226.61 | 236.08 | OK | |
r-release-linux-x86_64 | 0.5.4 | 9.33 | 229.38 | 238.71 | OK | |
r-release-macos-arm64 | 0.5.4 | 89.00 | OK | |||
r-release-macos-x86_64 | 0.5.4 | 258.00 | OK | |||
r-release-windows-x86_64 | 0.5.4 | 13.00 | 228.00 | 241.00 | OK | |
r-oldrel-macos-arm64 | 0.5.4 | 77.00 | OK | |||
r-oldrel-macos-x86_64 | 0.5.4 | 112.00 | OK | |||
r-oldrel-windows-x86_64 | 0.5.4 | 14.00 | 238.00 | 252.00 | OK |
Version: 0.5.4
Check: Rd files
Result: NOTE
checkRd: (-1) EEGwide.Rd:30-33: Lost braces
30 | if(requireNamespace("ggplot2")){
| ^
Flavors: r-devel-linux-x86_64-debian-clang, r-devel-linux-x86_64-debian-gcc