Last updated on 2023-12-07 04:56:28 CET.
Flavor | Version | Tinstall | Tcheck | Ttotal | Status | Flags |
---|---|---|---|---|---|---|
r-devel-linux-x86_64-debian-clang | 1.3.2 | 89.21 | 204.03 | 293.24 | OK | |
r-devel-linux-x86_64-debian-gcc | 1.3.2 | 63.72 | 161.41 | 225.13 | OK | |
r-devel-linux-x86_64-fedora-clang | 1.3.2 | 264.47 | NOTE | |||
r-devel-linux-x86_64-fedora-gcc | 1.3.2 | 389.74 | OK | |||
r-devel-windows-x86_64 | 1.3.2 | 76.00 | 203.00 | 279.00 | NOTE | |
r-patched-linux-x86_64 | 1.3.2 | 76.26 | 201.19 | 277.45 | OK | |
r-release-linux-x86_64 | 1.3.2 | 66.75 | 198.04 | 264.79 | OK | |
r-release-macos-arm64 | 1.3.2 | 122.00 | NOTE | |||
r-release-macos-x86_64 | 1.3.2 | 277.00 | NOTE | |||
r-release-windows-x86_64 | 1.3.2 | 101.00 | 242.00 | 343.00 | NOTE | |
r-oldrel-macos-arm64 | 1.3.2 | 74.00 | NOTE | |||
r-oldrel-macos-x86_64 | 1.3.1 | 148.00 | NOTE | |||
r-oldrel-windows-x86_64 | 1.3.2 | 78.00 | 234.00 | 312.00 | NOTE |
Version: 1.3.2
Check: package dependencies
Result: NOTE
Packages suggested but not available for checking:
'SeqArray', 'SeqVarTools'
Flavor: r-devel-linux-x86_64-fedora-clang
Version: 1.3.2
Check: package dependencies
Result: NOTE
Package suggested but not available for checking: 'doMC'
Flavors: r-devel-windows-x86_64, r-release-windows-x86_64, r-oldrel-windows-x86_64
Version: 1.3.2
Check: installed package size
Result: NOTE
installed size is 6.7Mb
sub-directories of 1Mb or more:
libs 5.0Mb
Flavors: r-release-macos-arm64, r-release-macos-x86_64, r-oldrel-macos-arm64
Version: 1.3.2
Check: package dependencies
Result: NOTE
Package suggested but not available for checking: ‘SeqVarTools’
Flavor: r-release-macos-x86_64
Version: 1.3.2
Check: package dependencies
Result: NOTE
Package suggested but not available for checking: ‘SeqArray’
Flavor: r-oldrel-macos-arm64
Version: 1.3.1
Check: installed package size
Result: NOTE
installed size is 7.4Mb
sub-directories of 1Mb or more:
libs 5.7Mb
Flavor: r-oldrel-macos-x86_64