CRAN Package Check Results for Package LongituRF

Last updated on 2024-03-04 04:51:34 CET.

Flavor Version Tinstall Tcheck Ttotal Status Flags
r-devel-linux-x86_64-debian-clang 0.9 5.58 54.07 59.65 NOTE
r-devel-linux-x86_64-debian-gcc 0.9 5.17 40.61 45.78 NOTE
r-devel-linux-x86_64-fedora-clang 0.9 77.66 NOTE
r-devel-linux-x86_64-fedora-gcc 0.9 71.88 NOTE
r-devel-windows-x86_64 0.9 7.00 62.00 69.00 NOTE
r-patched-linux-x86_64 0.9 5.58 52.20 57.78 NOTE
r-release-linux-x86_64 0.9 6.64 52.03 58.67 NOTE
r-release-macos-arm64 0.9 27.00 NOTE
r-release-macos-x86_64 0.9 39.00 NOTE
r-release-windows-x86_64 0.9 9.00 66.00 75.00 NOTE
r-oldrel-macos-arm64 0.9 22.00 NOTE
r-oldrel-windows-x86_64 0.9 8.00 68.00 76.00 NOTE

Check Details

Version: 0.9
Check: LazyData
Result: NOTE 'LazyData' is specified without a 'data' directory Flavors: r-devel-linux-x86_64-debian-clang, r-devel-linux-x86_64-debian-gcc, r-devel-linux-x86_64-fedora-clang, r-devel-linux-x86_64-fedora-gcc, r-devel-windows-x86_64, r-patched-linux-x86_64, r-release-linux-x86_64, r-release-macos-arm64, r-release-macos-x86_64, r-release-windows-x86_64, r-oldrel-macos-arm64, r-oldrel-windows-x86_64