Last updated on 2023-12-02 04:52:18 CET.
Flavor | Version | Tinstall | Tcheck | Ttotal | Status | Flags |
---|---|---|---|---|---|---|
r-devel-linux-x86_64-debian-clang | 1.6-8 | 24.46 | 93.49 | 117.95 | WARN | |
r-devel-linux-x86_64-debian-gcc | 1.6-8 | 19.77 | 69.84 | 89.61 | OK | |
r-devel-linux-x86_64-fedora-clang | 1.6-8 | 148.12 | WARN | |||
r-devel-linux-x86_64-fedora-gcc | 1.6-8 | 163.59 | OK | |||
r-devel-windows-x86_64 | 1.6-8 | 36.00 | 123.00 | 159.00 | OK | |
r-patched-linux-x86_64 | 1.6-8 | 22.85 | 89.83 | 112.68 | OK | |
r-release-linux-x86_64 | 1.6-8 | 23.86 | 89.37 | 113.23 | OK | |
r-release-macos-arm64 | 1.6-8 | 68.00 | OK | |||
r-release-macos-x86_64 | 1.6-8 | 127.00 | OK | |||
r-release-windows-x86_64 | 1.6-8 | 35.00 | 122.00 | 157.00 | OK | |
r-oldrel-macos-arm64 | 1.6-8 | 93.00 | OK | |||
r-oldrel-macos-x86_64 | 1.6-8 | 129.00 | OK | |||
r-oldrel-windows-x86_64 | 1.6-8 | 36.00 | 127.00 | 163.00 | OK |
Version: 1.6-8
Check: whether package can be installed
Result: WARN
Found the following significant warnings:
solvoptweights.c:569:54: warning: format string is not a string literal (potentially insecure) [-Wformat-security]
See ‘/home/hornik/tmp/R.check/r-devel-clang/Work/PKGS/LogConcDEAD.Rcheck/00install.out’ for details.
* used C compiler: ‘Debian clang version 17.0.5 (1)’
Flavor: r-devel-linux-x86_64-debian-clang
Version: 1.6-8
Check: whether package can be installed
Result: WARN
Found the following significant warnings:
solvoptweights.c:569:54: warning: format string is not a string literal (potentially insecure) [-Wformat-security]
See ‘/data/gannet/ripley/R/packages/tests-clang/LogConcDEAD.Rcheck/00install.out’ for details.
* used C compiler: ‘clang version 17.0.5’
Flavor: r-devel-linux-x86_64-fedora-clang
Version: 1.6-8
Check: Rd cross-references
Result: NOTE
Undeclared package ‘colorspace’ in Rd xrefs
Flavor: r-devel-linux-x86_64-fedora-clang