CRAN Package Check Results for Package LilRhino

Last updated on 2023-12-02 04:52:18 CET.

Flavor Version Tinstall Tcheck Ttotal Status Flags
r-devel-linux-x86_64-debian-clang 1.2.2 12.61 107.84 120.45 OK
r-devel-linux-x86_64-debian-gcc 1.2.2 10.19 78.66 88.85 OK
r-devel-linux-x86_64-fedora-clang 1.2.2 146.56 NOTE
r-devel-linux-x86_64-fedora-gcc 1.2.2 138.08 NOTE
r-devel-windows-x86_64 1.2.2 12.00 95.00 107.00 OK
r-patched-linux-x86_64 1.2.2 8.22 101.03 109.25 OK
r-release-linux-x86_64 1.2.2 7.92 102.00 109.92 OK
r-release-macos-arm64 1.2.2 44.00 OK
r-release-macos-x86_64 1.2.2 58.00 OK
r-release-windows-x86_64 1.2.2 16.00 115.00 131.00 OK
r-oldrel-macos-arm64 1.2.2 43.00 NOTE
r-oldrel-macos-x86_64 1.2.2 67.00 NOTE
r-oldrel-windows-x86_64 1.2.2 16.00 121.00 137.00 OK

Check Details

Version: 1.2.2
Check: dependencies in R code
Result: NOTE Namespaces in Imports field not imported from: ‘SnowballC’ ‘data.table’ ‘e1071’ ‘fastmatch’ All declared Imports should be used. Flavors: r-devel-linux-x86_64-fedora-clang, r-devel-linux-x86_64-fedora-gcc, r-oldrel-macos-arm64, r-oldrel-macos-x86_64