CRAN Package Check Results for Package Langevin

Last updated on 2024-02-23 05:07:23 CET.

Flavor Version Tinstall Tcheck Ttotal Status Flags
r-devel-linux-x86_64-debian-clang 1.3.1 NOTE
r-devel-linux-x86_64-debian-gcc 1.3.1 67.29 34.50 101.79 NOTE
r-devel-linux-x86_64-fedora-clang 1.3.1 189.90 NOTE
r-devel-linux-x86_64-fedora-gcc 1.3.1 199.47 NOTE
r-devel-windows-x86_64 1.3.1 62.00 99.00 161.00 NOTE
r-patched-linux-x86_64 1.3.1 81.20 42.68 123.88 NOTE
r-release-linux-x86_64 1.3.1 80.17 42.71 122.88 NOTE
r-release-macos-arm64 1.3.1 55.00 NOTE
r-release-macos-x86_64 1.3.1 91.00 NOTE
r-release-windows-x86_64 1.3.1 79.00 98.00 177.00 NOTE
r-oldrel-macos-arm64 1.3.1 49.00 OK
r-oldrel-windows-x86_64 1.3.1 77.00 98.00 175.00 OK

Check Details

Version: 1.3.1
Check: C++ specification
Result: NOTE Specified C++11: please drop specification unless essential Flavors: r-devel-linux-x86_64-debian-clang, r-devel-linux-x86_64-debian-gcc, r-devel-linux-x86_64-fedora-clang, r-devel-linux-x86_64-fedora-gcc, r-devel-windows-x86_64, r-patched-linux-x86_64, r-release-linux-x86_64, r-release-macos-arm64, r-release-macos-x86_64, r-release-windows-x86_64