Last updated on 2023-12-08 05:02:08 CET.
Flavor | Version | Tinstall | Tcheck | Ttotal | Status | Flags |
---|---|---|---|---|---|---|
r-devel-linux-x86_64-debian-clang | 1.0-3 | 14.35 | 128.27 | 142.62 | NOTE | |
r-devel-linux-x86_64-debian-gcc | 1.0-3 | 10.99 | 95.67 | 106.66 | NOTE | |
r-devel-linux-x86_64-fedora-clang | 1.0-3 | 177.30 | NOTE | |||
r-devel-linux-x86_64-fedora-gcc | 1.0-3 | 169.62 | NOTE | |||
r-devel-windows-x86_64 | 1.0-3 | 13.00 | 117.00 | 130.00 | NOTE | |
r-patched-linux-x86_64 | 1.0-3 | 10.61 | 123.83 | 134.44 | NOTE | |
r-release-linux-x86_64 | 1.0-3 | 10.39 | 122.64 | 133.03 | NOTE | |
r-release-macos-arm64 | 1.0-3 | 57.00 | NOTE | |||
r-release-macos-x86_64 | 1.0-3 | 88.00 | NOTE | |||
r-release-windows-x86_64 | 1.0-3 | 17.00 | 140.00 | 157.00 | NOTE | |
r-oldrel-macos-arm64 | 1.0-3 | 49.00 | NOTE | |||
r-oldrel-macos-x86_64 | 1.0-3 | 72.00 | NOTE | |||
r-oldrel-windows-x86_64 | 1.0-3 | 19.00 | 138.00 | 157.00 | NOTE |
Version: 1.0-3
Check: package dependencies
Result: NOTE
Package suggested but not available for checking: ‘kerdiest’
Flavors: r-devel-linux-x86_64-debian-clang, r-devel-linux-x86_64-debian-gcc, r-devel-linux-x86_64-fedora-clang, r-devel-linux-x86_64-fedora-gcc, r-devel-windows-x86_64, r-patched-linux-x86_64, r-release-linux-x86_64, r-release-macos-arm64, r-release-windows-x86_64, r-oldrel-windows-x86_64
Version: 1.0-3
Check: data for non-ASCII characters
Result: NOTE
Note: found 55 marked UTF-8 strings
Flavors: r-devel-linux-x86_64-fedora-clang, r-devel-linux-x86_64-fedora-gcc, r-oldrel-macos-arm64, r-oldrel-macos-x86_64
Version: 1.0-3
Check: package dependencies
Result: NOTE
Packages suggested but not available for checking:
'sirt', 'kerdiest', 'car', 'mitml'
Flavor: r-release-macos-x86_64
Version: 1.0-3
Check: package dependencies
Result: NOTE
Package suggested but not available for checking: ‘miceadds’
Flavor: r-oldrel-macos-arm64