CRAN Package Check Results for Package LPsmooth

Last updated on 2024-02-26 04:49:31 CET.

Flavor Version Tinstall Tcheck Ttotal Status Flags
r-devel-linux-x86_64-debian-clang 0.1.3 9.73 83.22 92.95 NOTE
r-devel-linux-x86_64-debian-gcc 0.1.3 6.63 63.61 70.24 NOTE
r-devel-linux-x86_64-fedora-clang 0.1.3 109.81 NOTE
r-devel-linux-x86_64-fedora-gcc 0.1.3 109.90 NOTE
r-devel-windows-x86_64 0.1.3 9.00 79.00 88.00 NOTE
r-patched-linux-x86_64 0.1.3 7.67 80.28 87.95 NOTE
r-release-linux-x86_64 0.1.3 7.79 79.11 86.90 NOTE
r-release-macos-arm64 0.1.3 35.00 NOTE
r-release-macos-x86_64 0.1.3 54.00 NOTE
r-release-windows-x86_64 0.1.3 12.00 94.00 106.00 NOTE
r-oldrel-macos-arm64 0.1.3 42.00 NOTE
r-oldrel-windows-x86_64 0.1.3 12.00 100.00 112.00 NOTE

Check Details

Version: 0.1.3
Check: LazyData
Result: NOTE 'LazyData' is specified without a 'data' directory Flavors: r-devel-linux-x86_64-debian-clang, r-devel-linux-x86_64-debian-gcc, r-devel-linux-x86_64-fedora-clang, r-devel-linux-x86_64-fedora-gcc, r-devel-windows-x86_64, r-patched-linux-x86_64, r-release-linux-x86_64, r-release-macos-arm64, r-release-macos-x86_64, r-release-windows-x86_64, r-oldrel-macos-arm64, r-oldrel-windows-x86_64