CRAN Package Check Results for Package LPCM

Last updated on 2023-12-02 04:52:19 CET.

Flavor Version Tinstall Tcheck Ttotal Status Flags
r-devel-linux-x86_64-debian-clang 0.47-3 5.54 57.67 63.21 NOTE
r-devel-linux-x86_64-debian-gcc 0.47-3 3.71 43.03 46.74 NOTE
r-devel-linux-x86_64-fedora-clang 0.47-3 80.58 NOTE
r-devel-linux-x86_64-fedora-gcc 0.47-3 76.49 NOTE
r-devel-windows-x86_64 0.47-3 4.00 70.00 74.00 NOTE
r-patched-linux-x86_64 0.47-3 5.61 55.92 61.53 OK
r-release-linux-x86_64 0.47-3 3.59 55.72 59.31 OK
r-release-macos-arm64 0.47-3 27.00 OK
r-release-macos-x86_64 0.47-3 42.00 OK
r-release-windows-x86_64 0.47-3 8.00 75.00 83.00 OK
r-oldrel-macos-arm64 0.47-3 26.00 OK
r-oldrel-macos-x86_64 0.47-3 34.00 OK
r-oldrel-windows-x86_64 0.47-3 6.00 77.00 83.00 OK

Check Details

Version: 0.47-3
Check: Rd contents
Result: NOTE Argument items with no description in Rd file 'followx.Rd': ‘Xi’ ‘x0’ ‘h’ ‘t0’ ‘iter’ ‘way’ ‘weights’ ‘pen’ ‘phi’ ‘lasteigenvector’ ‘rho0’ ‘boundary’ ‘convergence.at’ ‘cross’ Flavors: r-devel-linux-x86_64-debian-clang, r-devel-linux-x86_64-debian-gcc, r-devel-linux-x86_64-fedora-clang, r-devel-linux-x86_64-fedora-gcc, r-devel-windows-x86_64