Last updated on 2023-12-04 05:09:10 CET.
Flavor | Version | Tinstall | Tcheck | Ttotal | Status | Flags |
---|---|---|---|---|---|---|
r-devel-linux-x86_64-debian-clang | 2.0.2 | 14.13 | 125.42 | 139.55 | NOTE | |
r-devel-linux-x86_64-debian-gcc | 2.0.2 | 12.42 | 94.48 | 106.90 | NOTE | |
r-devel-linux-x86_64-fedora-clang | 2.0.2 | 171.20 | OK | |||
r-devel-linux-x86_64-fedora-gcc | 2.0.2 | 164.02 | OK | |||
r-devel-windows-x86_64 | 2.0.2 | 13.00 | 103.00 | 116.00 | OK | |
r-patched-linux-x86_64 | 2.0.2 | 10.13 | 121.97 | 132.10 | OK | |
r-release-linux-x86_64 | 2.0.2 | 10.28 | 121.48 | 131.76 | OK | |
r-release-macos-arm64 | 2.0.2 | 52.00 | OK | |||
r-release-macos-x86_64 | 2.0.2 | 85.00 | OK | |||
r-release-windows-x86_64 | 2.0.2 | 18.00 | 123.00 | 141.00 | OK | |
r-oldrel-macos-arm64 | 2.0.2 | 50.00 | OK | |||
r-oldrel-macos-x86_64 | 2.0.2 | 100.00 | OK | |||
r-oldrel-windows-x86_64 | 2.0.2 | 19.00 | 132.00 | 151.00 | OK |
Version: 2.0.2
Check: Rd files
Result: NOTE
checkRd: (-1) complete.specimens.Rd:34: Lost braces
34 | \code{\link{align.missing}},code{\link{MissingGeoMorph}}
| ^
checkRd: (-1) missing.specimens.Rd:37: Lost braces
37 | \code{\link{align.missing}}, \{code{\link{MissingGeoMorph}}
| ^
Flavors: r-devel-linux-x86_64-debian-clang, r-devel-linux-x86_64-debian-gcc