Last updated on 2023-12-04 05:09:09 CET.
Flavor | Version | Tinstall | Tcheck | Ttotal | Status | Flags |
---|---|---|---|---|---|---|
r-devel-linux-x86_64-debian-clang | 2.1.0 | 290.73 | 157.90 | 448.63 | NOTE | |
r-devel-linux-x86_64-debian-gcc | 2.1.0 | 184.89 | 115.98 | 300.87 | NOTE | |
r-devel-linux-x86_64-fedora-clang | 2.1.0 | 586.05 | OK | |||
r-devel-linux-x86_64-fedora-gcc | 2.1.0 | 610.57 | OK | |||
r-devel-windows-x86_64 | 2.1.0 | 196.00 | 164.00 | 360.00 | OK | |
r-patched-linux-x86_64 | 2.1.0 | 220.31 | 153.44 | 373.75 | OK | |
r-release-linux-x86_64 | 2.1.0 | 216.89 | 152.40 | 369.29 | OK | |
r-release-macos-arm64 | 2.1.0 | 162.00 | NOTE | |||
r-release-macos-x86_64 | 2.1.0 | 269.00 | NOTE | |||
r-release-windows-x86_64 | 2.1.0 | 257.00 | 204.00 | 461.00 | OK | |
r-oldrel-macos-arm64 | 2.1.0 | 118.00 | NOTE | |||
r-oldrel-macos-x86_64 | 2.1.0 | 168.00 | NOTE | |||
r-oldrel-windows-x86_64 | 2.1.0 | 240.00 | 199.00 | 439.00 | OK |
Version: 2.1.0
Check: Rd files
Result: NOTE
checkRd: (-1) GenSyntheticLogistic.Rd:46: Lost braces; missing escapes or markup?
46 | 3) Every coordinate yi of the outcome vector y exists in {-1, 1}^n is sampled
| ^
checkRd: (-1) L0Learn-package.Rd:20: Lost braces in \itemize; meant \describe ?
checkRd: (-1) L0Learn-package.Rd:21: Lost braces in \itemize; meant \describe ?
checkRd: (-1) L0Learn-package.Rd:22: Lost braces in \itemize; meant \describe ?
checkRd: (-1) L0Learn-package.Rd:23: Lost braces in \itemize; meant \describe ?
checkRd: (-1) L0Learn-package.Rd:24: Lost braces in \itemize; meant \describe ?
checkRd: (-1) L0Learn-package.Rd:25: Lost braces in \itemize; meant \describe ?
Flavors: r-devel-linux-x86_64-debian-clang, r-devel-linux-x86_64-debian-gcc
Version: 2.1.0
Check: installed package size
Result: NOTE
installed size is 13.5Mb
sub-directories of 1Mb or more:
doc 2.4Mb
libs 10.9Mb
Flavors: r-release-macos-arm64, r-release-macos-x86_64, r-oldrel-macos-arm64, r-oldrel-macos-x86_64