CRAN Package Check Results for Package KoulMde

Last updated on 2024-02-27 04:50:40 CET.

Flavor Version Tinstall Tcheck Ttotal Status Flags
r-devel-linux-x86_64-debian-clang 3.2.1 61.48 67.52 129.00 NOTE
r-devel-linux-x86_64-debian-gcc 3.2.1 45.26 51.81 97.07 NOTE
r-devel-linux-x86_64-fedora-clang 3.2.1 178.50 NOTE
r-devel-linux-x86_64-fedora-gcc 3.2.1 169.10 NOTE
r-devel-windows-x86_64 3.2.1 44.00 89.00 133.00 NOTE
r-patched-linux-x86_64 3.2.1 58.30 66.57 124.87 NOTE
r-release-linux-x86_64 3.2.1 56.10 66.65 122.75 NOTE
r-release-macos-arm64 3.2.1 51.00 NOTE
r-release-macos-x86_64 3.2.1 77.00 NOTE
r-release-windows-x86_64 3.2.1 55.00 102.00 157.00 NOTE
r-oldrel-macos-arm64 3.2.1 42.00 NOTE
r-oldrel-windows-x86_64 3.2.1 55.00 97.00 152.00 NOTE

Check Details

Version: 3.2.1
Check: C++ specification
Result: NOTE Specified C++11: please drop specification unless essential Flavors: r-devel-linux-x86_64-debian-clang, r-devel-linux-x86_64-debian-gcc, r-devel-linux-x86_64-fedora-clang, r-devel-linux-x86_64-fedora-gcc, r-devel-windows-x86_64, r-patched-linux-x86_64, r-release-linux-x86_64, r-release-macos-arm64, r-release-macos-x86_64, r-release-windows-x86_64

Version: 3.2.1
Check: LazyData
Result: NOTE 'LazyData' is specified without a 'data' directory Flavors: r-devel-linux-x86_64-debian-clang, r-devel-linux-x86_64-debian-gcc, r-devel-linux-x86_64-fedora-clang, r-devel-linux-x86_64-fedora-gcc, r-devel-windows-x86_64, r-patched-linux-x86_64, r-release-linux-x86_64, r-release-macos-arm64, r-release-macos-x86_64, r-release-windows-x86_64, r-oldrel-macos-arm64, r-oldrel-windows-x86_64