Last updated on 2023-12-07 04:56:26 CET.
Flavor | Version | Tinstall | Tcheck | Ttotal | Status | Flags |
---|---|---|---|---|---|---|
r-devel-linux-x86_64-debian-clang | 1.0 | 13.70 | 102.55 | 116.25 | NOTE | |
r-devel-linux-x86_64-debian-gcc | 1.0 | 9.07 | 77.92 | 86.99 | NOTE | |
r-devel-linux-x86_64-fedora-clang | 1.0 | 144.34 | OK | |||
r-devel-linux-x86_64-fedora-gcc | 1.0 | 149.36 | OK | |||
r-devel-windows-x86_64 | 1.0 | 11.00 | 116.00 | 127.00 | OK | |
r-patched-linux-x86_64 | 1.0 | 12.89 | 99.01 | 111.90 | OK | |
r-release-linux-x86_64 | 1.0 | 13.47 | 99.75 | 113.22 | OK | |
r-release-macos-arm64 | 1.0 | 55.00 | OK | |||
r-release-macos-x86_64 | 1.0 | 104.00 | OK | |||
r-release-windows-x86_64 | 1.0 | 15.00 | 135.00 | 150.00 | OK | |
r-oldrel-macos-arm64 | 1.0 | 48.00 | OK | |||
r-oldrel-macos-x86_64 | 1.0 | 70.00 | OK | |||
r-oldrel-windows-x86_64 | 1.0 | 15.00 | 139.00 | 154.00 | OK |
Version: 1.0
Check: Rd files
Result: NOTE
checkRd: (-1) get.fit.Rd:46: Lost braces in \itemize; meant \describe ?
checkRd: (-1) get.fit.Rd:47: Lost braces in \itemize; meant \describe ?
checkRd: (-1) get.fit.Rd:48-49: Lost braces in \itemize; meant \describe ?
checkRd: (-1) get.fit.Rd:50-51: Lost braces in \itemize; meant \describe ?
checkRd: (-1) get.fit.Rd:52-54: Lost braces in \itemize; meant \describe ?
checkRd: (-1) get.fit.Rd:55: Lost braces in \itemize; meant \describe ?
checkRd: (-1) get.fit.Rd:56: Lost braces in \itemize; meant \describe ?
checkRd: (-1) get.fit.Rd:57-60: Lost braces in \itemize; meant \describe ?
checkRd: (-1) get.fit.Rd:61-62: Lost braces in \itemize; meant \describe ?
checkRd: (-1) get.fit.Rd:63-64: Lost braces in \itemize; meant \describe ?
checkRd: (-1) get.fit.Rd:70: Lost braces in \itemize; \value handles \item{}{} directly
checkRd: (-1) get.fit.Rd:71: Lost braces in \itemize; \value handles \item{}{} directly
checkRd: (-1) get.fit.Rd:72: Lost braces in \itemize; \value handles \item{}{} directly
checkRd: (-1) get.fit.Rd:73: Lost braces in \itemize; \value handles \item{}{} directly
checkRd: (-1) get.fit.Rd:74: Lost braces in \itemize; \value handles \item{}{} directly
checkRd: (-1) get.fit.Rd:75: Lost braces in \itemize; \value handles \item{}{} directly
checkRd: (-1) get.fit.Rd:76: Lost braces in \itemize; \value handles \item{}{} directly
checkRd: (-1) get.fit.Rd:77: Lost braces in \itemize; \value handles \item{}{} directly
checkRd: (-1) get.fit.Rd:78: Lost braces in \itemize; \value handles \item{}{} directly
checkRd: (-1) get.fit.Rd:79: Lost braces in \itemize; \value handles \item{}{} directly
checkRd: (-1) get.fit.Rd:80: Lost braces in \itemize; \value handles \item{}{} directly
checkRd: (-1) get.sim.trajectories.Rd:66: Lost braces in \itemize; \value handles \item{}{} directly
checkRd: (-1) get.sim.trajectories.Rd:67: Lost braces in \itemize; \value handles \item{}{} directly
Flavors: r-devel-linux-x86_64-debian-clang, r-devel-linux-x86_64-debian-gcc