CRAN Package Check Results for Package KScorrect

Last updated on 2023-12-04 05:09:09 CET.

Flavor Version Tinstall Tcheck Ttotal Status Flags
r-devel-linux-x86_64-debian-clang 1.4.0 1.91 35.45 37.36 NOTE
r-devel-linux-x86_64-debian-gcc 1.4.0 2.33 27.18 29.51 NOTE
r-devel-linux-x86_64-fedora-clang 1.4.0 46.74 NOTE
r-devel-linux-x86_64-fedora-gcc 1.4.0 46.16 NOTE
r-devel-windows-x86_64 1.4.0 3.00 49.00 52.00 NOTE
r-patched-linux-x86_64 1.4.0 3.21 32.76 35.97 NOTE
r-release-linux-x86_64 1.4.0 1.96 33.74 35.70 NOTE
r-release-macos-arm64 1.4.0 19.00 NOTE
r-release-macos-x86_64 1.4.0 26.00 NOTE
r-release-windows-x86_64 1.4.0 4.00 50.00 54.00 NOTE
r-oldrel-macos-arm64 1.4.0 19.00 NOTE
r-oldrel-macos-x86_64 1.4.0 26.00 NOTE
r-oldrel-windows-x86_64 1.4.0 5.00 50.00 55.00 NOTE

Check Details

Version: 1.4.0
Check: Rd files
Result: NOTE checkRd: (-1) ks_test_stat.Rd:14: Lost braces 14 | are valid. See /code{LcKS} for accepted functions.} | ^ Flavors: r-devel-linux-x86_64-debian-clang, r-devel-linux-x86_64-debian-gcc

Version: 1.4.0
Check: LazyData
Result: NOTE 'LazyData' is specified without a 'data' directory Flavors: r-devel-linux-x86_64-debian-clang, r-devel-linux-x86_64-debian-gcc, r-devel-linux-x86_64-fedora-clang, r-devel-linux-x86_64-fedora-gcc, r-devel-windows-x86_64, r-patched-linux-x86_64, r-release-linux-x86_64, r-release-macos-arm64, r-release-macos-x86_64, r-release-windows-x86_64, r-oldrel-macos-arm64, r-oldrel-macos-x86_64, r-oldrel-windows-x86_64