CRAN Package Check Results for Package KCSKNNShiny

Last updated on 2024-03-04 04:51:33 CET.

Flavor Version Tinstall Tcheck Ttotal Status Flags
r-devel-linux-x86_64-debian-clang 0.1.0 19.38 130.41 149.79 NOTE
r-devel-linux-x86_64-debian-gcc 0.1.0 13.06 97.93 110.99 NOTE
r-devel-linux-x86_64-fedora-clang 0.1.0 182.66 NOTE
r-devel-linux-x86_64-fedora-gcc 0.1.0 172.43 NOTE
r-devel-windows-x86_64 0.1.0 14.00 105.00 119.00 NOTE
r-patched-linux-x86_64 0.1.0 10.96 125.99 136.95 NOTE
r-release-linux-x86_64 0.1.0 11.06 124.65 135.71 NOTE
r-release-macos-arm64 0.1.0 59.00 NOTE
r-release-macos-x86_64 0.1.0 88.00 NOTE
r-release-windows-x86_64 0.1.0 19.00 124.00 143.00 NOTE
r-oldrel-macos-arm64 0.1.0 49.00 NOTE
r-oldrel-windows-x86_64 0.1.0 19.00 126.00 145.00 NOTE

Check Details

Version: 0.1.0
Check: LazyData
Result: NOTE 'LazyData' is specified without a 'data' directory Flavors: r-devel-linux-x86_64-debian-clang, r-devel-linux-x86_64-debian-gcc, r-devel-linux-x86_64-fedora-clang, r-devel-linux-x86_64-fedora-gcc, r-devel-windows-x86_64, r-patched-linux-x86_64, r-release-linux-x86_64, r-release-macos-arm64, r-release-macos-x86_64, r-release-windows-x86_64, r-oldrel-macos-arm64, r-oldrel-windows-x86_64