CRAN Package Check Results for Package JMI

Last updated on 2024-02-20 04:23:57 CET.

Flavor Version Tinstall Tcheck Ttotal Status Flags
r-devel-linux-x86_64-debian-clang 0.1.0 NOTE
r-devel-linux-x86_64-debian-gcc 0.1.0 28.70 20.61 49.31 NOTE
r-devel-linux-x86_64-fedora-clang 0.1.0 90.96 NOTE
r-devel-linux-x86_64-fedora-gcc 0.1.0 87.60 NOTE
r-devel-windows-x86_64 0.1.0 28.00 64.00 92.00 NOTE
r-patched-linux-x86_64 0.1.0 34.72 25.98 60.70 NOTE
r-release-linux-x86_64 0.1.0 37.87 26.26 64.13 NOTE
r-release-macos-arm64 0.1.0 27.00 NOTE
r-release-macos-x86_64 0.1.0 40.00 NOTE
r-release-windows-x86_64 0.1.0 35.00 67.00 102.00 NOTE
r-oldrel-macos-arm64 0.1.0 26.00 NOTE
r-oldrel-windows-x86_64 0.1.0 33.00 72.00 105.00 NOTE

Check Details

Version: 0.1.0
Check: LazyData
Result: NOTE 'LazyData' is specified without a 'data' directory Flavors: r-devel-linux-x86_64-debian-clang, r-devel-linux-x86_64-debian-gcc, r-devel-linux-x86_64-fedora-clang, r-devel-linux-x86_64-fedora-gcc, r-devel-windows-x86_64, r-patched-linux-x86_64, r-release-linux-x86_64, r-release-macos-arm64, r-release-macos-x86_64, r-release-windows-x86_64, r-oldrel-macos-arm64, r-oldrel-windows-x86_64