Last updated on 2023-12-11 04:51:08 CET.
Flavor | Version | Tinstall | Tcheck | Ttotal | Status | Flags |
---|---|---|---|---|---|---|
r-devel-linux-x86_64-debian-clang | 1.1.9 | 25.23 | 52.83 | 78.06 | NOTE | |
r-devel-linux-x86_64-debian-gcc | 1.1.9 | 16.08 | 40.51 | 56.59 | NOTE | |
r-devel-linux-x86_64-fedora-clang | 1.1.9 | 103.92 | NOTE | |||
r-devel-linux-x86_64-fedora-gcc | 1.1.9 | 105.56 | NOTE | |||
r-devel-windows-x86_64 | 1.1.9 | 22.00 | 85.00 | 107.00 | OK | |
r-patched-linux-x86_64 | 1.1.9 | 22.94 | 51.86 | 74.80 | NOTE | |
r-release-linux-x86_64 | 1.1.9 | 20.22 | 52.68 | 72.90 | NOTE | |
r-release-macos-arm64 | 1.1.9 | 38.00 | OK | |||
r-release-macos-x86_64 | 1.1.9 | 46.00 | OK | |||
r-release-windows-x86_64 | 1.1.9 | 29.00 | 102.00 | 131.00 | OK | |
r-oldrel-macos-arm64 | 1.1.9 | 38.00 | OK | |||
r-oldrel-macos-x86_64 | 1.1.9 | 97.00 | OK | |||
r-oldrel-windows-x86_64 | 1.1.9 | 26.00 | 92.00 | 118.00 | OK |
Version: 1.1.9
Check: for non-standard things in the check directory
Result: NOTE
Found the following files/directories:
‘Error_Estimation_Response_1.tiff’ ‘Error_Estimation_Response_2.tiff’
‘Error_Estimation_Response_3.tiff’
Flavors: r-devel-linux-x86_64-debian-clang, r-devel-linux-x86_64-debian-gcc, r-devel-linux-x86_64-fedora-clang, r-devel-linux-x86_64-fedora-gcc, r-patched-linux-x86_64, r-release-linux-x86_64