CRAN Package Check Results for Package InfiniumPurify

Last updated on 2024-02-20 04:23:57 CET.

Flavor Version Tinstall Tcheck Ttotal Status Flags
r-devel-linux-x86_64-debian-clang 1.3.1 NOTE
r-devel-linux-x86_64-debian-gcc 1.3.1 2.13 31.46 33.59 OK
r-devel-linux-x86_64-fedora-clang 1.3.1 54.96 NOTE
r-devel-linux-x86_64-fedora-gcc 1.3.1 53.25 OK
r-devel-windows-x86_64 1.3.1 3.00 54.00 57.00 OK
r-patched-linux-x86_64 1.3.1 2.93 41.37 44.30 OK
r-release-linux-x86_64 1.3.1 2.48 41.50 43.98 OK
r-release-macos-arm64 1.3.1 26.00 NOTE
r-release-macos-x86_64 1.3.1 33.00 NOTE
r-release-windows-x86_64 1.3.1 4.00 55.00 59.00 OK
r-oldrel-macos-arm64 1.3.1 24.00 OK
r-oldrel-windows-x86_64 1.3.1 4.00 61.00 65.00 OK

Check Details

Version: 1.3.1
Check: Rd cross-references
Result: NOTE Package unavailable to check Rd xrefs: ‘minfi’ Flavors: r-devel-linux-x86_64-debian-clang, r-release-macos-arm64, r-release-macos-x86_64

Version: 1.3.1
Check: Rd cross-references
Result: NOTE Undeclared package ‘minfi’ in Rd xrefs Flavor: r-devel-linux-x86_64-fedora-clang