Last updated on 2023-12-09 04:50:55 CET.
Flavor | Version | Tinstall | Tcheck | Ttotal | Status | Flags |
---|---|---|---|---|---|---|
r-devel-linux-x86_64-debian-clang | 1.6.6 | 18.84 | 75.32 | 94.16 | NOTE | |
r-devel-linux-x86_64-debian-gcc | 1.6.6 | 14.11 | 58.43 | 72.54 | NOTE | |
r-devel-linux-x86_64-fedora-clang | 1.6.6 | 117.20 | OK | |||
r-devel-linux-x86_64-fedora-gcc | 1.6.6 | 136.80 | OK | |||
r-devel-windows-x86_64 | 1.6.6 | 42.00 | 198.00 | 240.00 | OK | |
r-patched-linux-x86_64 | 1.6.6 | 20.57 | 75.50 | 96.07 | OK | |
r-release-linux-x86_64 | 1.6.6 | 18.64 | 75.18 | 93.82 | OK | |
r-release-macos-arm64 | 1.6.6 | 145.00 | OK | |||
r-release-macos-x86_64 | 1.6.6 | 174.00 | OK | |||
r-release-windows-x86_64 | 1.6.6 | 53.00 | 213.00 | 266.00 | OK | |
r-oldrel-macos-arm64 | 1.6.6 | 142.00 | OK | |||
r-oldrel-macos-x86_64 | 1.6.6 | 89.00 | OK | |||
r-oldrel-windows-x86_64 | 1.6.6 | 45.00 | 211.00 | 256.00 | OK |
Version: 1.6.6
Check: Rd files
Result: NOTE
checkRd: (-1) getTimeseries.Rd:30: Lost braces
30 | \code{processing}{optional character string with processing commands }
| ^
checkRd: (-1) mergeTraces.Rd:27: Lost braces in \itemize; meant \describe ?
checkRd: (-1) mergeTraces.Rd:28: Lost braces in \itemize; meant \describe ?
checkRd: (-1) psdStatistics.Rd:26: Lost braces in \itemize; \value handles \item{}{} directly
checkRd: (-1) psdStatistics.Rd:27: Lost braces in \itemize; \value handles \item{}{} directly
checkRd: (-1) psdStatistics.Rd:28: Lost braces in \itemize; \value handles \item{}{} directly
checkRd: (-1) psdStatistics.Rd:29: Lost braces in \itemize; \value handles \item{}{} directly
checkRd: (-1) psdStatistics.Rd:30: Lost braces in \itemize; \value handles \item{}{} directly
checkRd: (-1) psdStatistics.Rd:31: Lost braces in \itemize; \value handles \item{}{} directly
checkRd: (-1) psdStatistics.Rd:32: Lost braces in \itemize; \value handles \item{}{} directly
checkRd: (-1) psdStatistics.Rd:33: Lost braces in \itemize; \value handles \item{}{} directly
checkRd: (-1) psdStatistics.Rd:34: Lost braces in \itemize; \value handles \item{}{} directly
checkRd: (-1) psdStatistics.Rd:35: Lost braces in \itemize; \value handles \item{}{} directly
checkRd: (-1) psdStatistics.Rd:36: Lost braces in \itemize; \value handles \item{}{} directly
checkRd: (-1) psdStatistics.Rd:37: Lost braces in \itemize; \value handles \item{}{} directly
checkRd: (-1) psdStatistics.Rd:38: Lost braces in \itemize; \value handles \item{}{} directly
Flavors: r-devel-linux-x86_64-debian-clang, r-devel-linux-x86_64-debian-gcc