CRAN Package Check Results for Package IPCAPS

Last updated on 2023-11-29 04:57:24 CET.

Flavor Version Tinstall Tcheck Ttotal Status Flags
r-devel-linux-x86_64-debian-clang 1.1.8 14.08 190.57 204.65 OK
r-devel-linux-x86_64-debian-gcc 1.1.8 11.52 142.32 153.84 OK
r-devel-linux-x86_64-fedora-clang 1.1.8 260.10 NOTE
r-devel-linux-x86_64-fedora-gcc 1.1.8 248.05 NOTE
r-devel-windows-x86_64 1.1.8 14.00 150.00 164.00 OK
r-patched-linux-x86_64 1.1.8 15.63 188.64 204.27 OK
r-release-linux-x86_64 1.1.8 15.87 186.55 202.42 OK
r-release-macos-arm64 1.1.8 72.00 OK
r-release-macos-x86_64 1.1.8 126.00 OK
r-release-windows-x86_64 1.1.8 17.00 184.00 201.00 OK
r-oldrel-macos-arm64 1.1.8 68.00 OK
r-oldrel-macos-x86_64 1.1.8 98.00 NOTE
r-oldrel-windows-x86_64 1.1.8 16.00 178.00 194.00 OK

Check Details

Version: 1.1.8
Check: dependencies in R code
Result: NOTE Namespaces in Imports field not imported from: ‘Matrix’ ‘expm’ All declared Imports should be used. Flavors: r-devel-linux-x86_64-fedora-clang, r-devel-linux-x86_64-fedora-gcc, r-oldrel-macos-x86_64