CRAN Package Check Results for Package INLAspacetime

Last updated on 2024-02-29 04:54:17 CET.

Flavor Version Tinstall Tcheck Ttotal Status Flags
r-devel-linux-x86_64-debian-clang 0.1.7 16.16 135.65 151.81 NOTE
r-devel-linux-x86_64-debian-gcc 0.1.7 13.47 99.95 113.42 NOTE
r-devel-linux-x86_64-fedora-clang 0.1.7 184.27 NOTE
r-devel-linux-x86_64-fedora-gcc 0.1.7 200.78 NOTE
r-devel-windows-x86_64 0.1.7 16.00 109.00 125.00 OK
r-patched-linux-x86_64 0.1.7 20.97 129.47 150.44 NOTE
r-release-linux-x86_64 0.1.7 18.56 131.37 149.93 NOTE
r-release-macos-arm64 0.1.7 60.00 NOTE
r-release-macos-x86_64 0.1.7 136.00 NOTE
r-release-windows-x86_64 0.1.7 23.00 132.00 155.00 NOTE
r-oldrel-macos-arm64 0.1.7 54.00 NOTE
r-oldrel-windows-x86_64 0.1.7 21.00 135.00 156.00 NOTE

Check Details

Version: 0.1.7
Check: package dependencies
Result: NOTE Package suggested but not available for checking: ‘INLA’ Flavors: r-devel-linux-x86_64-debian-clang, r-devel-linux-x86_64-debian-gcc, r-patched-linux-x86_64, r-release-linux-x86_64, r-release-macos-arm64, r-release-macos-x86_64, r-release-windows-x86_64, r-oldrel-macos-arm64, r-oldrel-windows-x86_64

Version: 0.1.7
Check: Rd files
Result: NOTE checkRd: (-1) ar2precision.Rd:19: Lost braces; missing escapes or markup? 19 | considering the specification stated in {details}. | ^ Flavors: r-devel-linux-x86_64-debian-clang, r-devel-linux-x86_64-debian-gcc, r-devel-linux-x86_64-fedora-clang, r-devel-linux-x86_64-fedora-gcc

Version: 0.1.7
Check: compiled code
Result: NOTE File ‘INLAspacetime/libs/INLAspacetime.so’: Found no calls to: ‘R_registerRoutines’, ‘R_useDynamicSymbols’ It is good practice to register native routines and to disable symbol search. See ‘Writing portable packages’ in the ‘Writing R Extensions’ manual. Flavors: r-devel-linux-x86_64-fedora-clang, r-devel-linux-x86_64-fedora-gcc