CRAN Package Check Results for Package IDEATools

Last updated on 2024-06-13 05:59:07 CEST.

Flavor Version Tinstall Tcheck Ttotal Status Flags
r-devel-linux-x86_64-debian-clang 3.5.2 16.19 117.94 134.13 OK
r-devel-linux-x86_64-debian-gcc 3.5.2 0.74 1.81 2.55 ERROR
r-devel-linux-x86_64-fedora-clang 3.5.2 183.09 OK
r-devel-linux-x86_64-fedora-gcc 3.5.2 170.41 OK
r-devel-windows-x86_64 3.5.2 15.00 99.00 114.00 OK
r-patched-linux-x86_64 3.5.2 15.96 116.27 132.23 OK
r-release-linux-x86_64 3.5.2 17.53 116.41 133.94 OK
r-release-macos-arm64 3.5.2 54.00 OK
r-release-macos-x86_64 3.5.2 81.00 OK
r-release-windows-x86_64 3.5.2 15.00 102.00 117.00 OK
r-oldrel-macos-arm64 3.5.2 56.00 OK
r-oldrel-macos-x86_64 3.5.2 88.00 OK
r-oldrel-windows-x86_64 3.5.2 20.00 120.00 140.00 OK

Check Details

Version: 3.5.2
Check: package dependencies
Result: ERROR Packages required but not available: 'readxl', 'tibble', 'ggimage', 'ggpubr', 'ggplot2', 'ggtext' See section ‘The DESCRIPTION file’ in the ‘Writing R Extensions’ manual. Flavor: r-devel-linux-x86_64-debian-gcc