Last updated on 2023-12-04 05:09:08 CET.
Flavor | Version | Tinstall | Tcheck | Ttotal | Status | Flags |
---|---|---|---|---|---|---|
r-devel-linux-x86_64-debian-clang | 0.5.1 | 10.12 | 105.79 | 115.91 | NOTE | |
r-devel-linux-x86_64-debian-gcc | 0.5.1 | 7.72 | 78.15 | 85.87 | NOTE | |
r-devel-linux-x86_64-fedora-clang | 0.5.1 | 143.39 | NOTE | |||
r-devel-linux-x86_64-fedora-gcc | 0.5.1 | 136.80 | NOTE | |||
r-devel-windows-x86_64 | 0.5.1 | 10.00 | 88.00 | 98.00 | NOTE | |
r-patched-linux-x86_64 | 0.5.1 | 10.03 | 102.43 | 112.46 | NOTE | |
r-release-linux-x86_64 | 0.5.1 | 8.95 | 100.97 | 109.92 | NOTE | |
r-release-macos-arm64 | 0.5.1 | 54.00 | NOTE | |||
r-release-macos-x86_64 | 0.5.1 | 83.00 | NOTE | |||
r-release-windows-x86_64 | 0.5.1 | 12.00 | 109.00 | 121.00 | NOTE | |
r-oldrel-macos-arm64 | 0.5.1 | 51.00 | NOTE | |||
r-oldrel-macos-x86_64 | 0.5.1 | 80.00 | NOTE | |||
r-oldrel-windows-x86_64 | 0.5.1 | 14.00 | 114.00 | 128.00 | NOTE |
Version: 0.5.1
Check: LazyData
Result: NOTE
'LazyData' is specified without a 'data' directory
Flavors: r-devel-linux-x86_64-debian-clang, r-devel-linux-x86_64-debian-gcc, r-devel-linux-x86_64-fedora-clang, r-devel-linux-x86_64-fedora-gcc, r-devel-windows-x86_64, r-patched-linux-x86_64, r-release-linux-x86_64, r-release-macos-arm64, r-release-macos-x86_64, r-release-windows-x86_64, r-oldrel-macos-arm64, r-oldrel-macos-x86_64, r-oldrel-windows-x86_64
Version: 0.5.1
Check: package dependencies
Result: NOTE
Package suggested but not available for checking: ‘LTRCtrees’
Flavors: r-release-macos-x86_64, r-oldrel-macos-arm64
Version: 0.5.1
Check: Rd cross-references
Result: NOTE
Package unavailable to check Rd xrefs: ‘LTRCtrees’
Flavors: r-release-macos-x86_64, r-oldrel-macos-arm64