CRAN Package Check Results for Package ICSKAT

Last updated on 2023-12-02 04:52:16 CET.

Flavor Version Tinstall Tcheck Ttotal Status Flags
r-devel-linux-x86_64-debian-clang 0.2.0 36.15 109.98 146.13 NOTE
r-devel-linux-x86_64-debian-gcc 0.2.0 24.54 80.74 105.28 NOTE
r-devel-linux-x86_64-fedora-clang 0.2.0 187.45 NOTE
r-devel-linux-x86_64-fedora-gcc 0.2.0 186.82 NOTE
r-devel-windows-x86_64 0.2.0 31.00 115.00 146.00 NOTE
r-patched-linux-x86_64 0.2.0 30.40 104.67 135.07 NOTE
r-release-linux-x86_64 0.2.0 29.50 101.28 130.78 NOTE
r-release-macos-arm64 0.2.0 62.00 NOTE
r-release-macos-x86_64 0.2.0 100.00 NOTE
r-release-windows-x86_64 0.2.0 38.00 139.00 177.00 NOTE
r-oldrel-macos-arm64 0.2.0 43.00 OK
r-oldrel-macos-x86_64 0.2.0 86.00 OK
r-oldrel-windows-x86_64 0.2.0 39.00 130.00 169.00 OK

Check Details

Version: 0.2.0
Check: C++ specification
Result: NOTE Specified C++11: please drop specification unless essential Flavors: r-devel-linux-x86_64-debian-clang, r-devel-linux-x86_64-debian-gcc, r-devel-linux-x86_64-fedora-clang, r-devel-linux-x86_64-fedora-gcc, r-devel-windows-x86_64, r-patched-linux-x86_64, r-release-linux-x86_64, r-release-macos-arm64, r-release-macos-x86_64, r-release-windows-x86_64