Last updated on 2023-11-29 04:57:23 CET.
Flavor | Version | Tinstall | Tcheck | Ttotal | Status | Flags |
---|---|---|---|---|---|---|
r-devel-linux-x86_64-debian-clang | 6.0.3 | 24.21 | 158.70 | 182.91 | NOTE | |
r-devel-linux-x86_64-debian-gcc | 6.0.3 | 18.21 | 115.98 | 134.19 | NOTE | |
r-devel-linux-x86_64-fedora-clang | 6.0.3 | 222.37 | OK | |||
r-devel-linux-x86_64-fedora-gcc | 6.0.3 | 210.91 | OK | |||
r-devel-windows-x86_64 | 6.0.3 | 21.00 | 149.00 | 170.00 | OK | |
r-patched-linux-x86_64 | 6.0.3 | 23.33 | 149.23 | 172.56 | OK | |
r-release-linux-x86_64 | 6.0.3 | 22.86 | 148.27 | 171.13 | OK | |
r-release-macos-arm64 | 6.0.3 | 77.00 | OK | |||
r-release-macos-x86_64 | 6.0.3 | 155.00 | OK | |||
r-release-windows-x86_64 | 6.0.3 | 28.00 | 188.00 | 216.00 | OK | |
r-oldrel-macos-arm64 | 6.0.3 | 85.00 | OK | |||
r-oldrel-macos-x86_64 | 6.0.3 | 117.00 | OK | |||
r-oldrel-windows-x86_64 | 6.0.3 | 29.00 | 169.00 | 198.00 | OK |
Version: 6.0.3
Check: Rd files
Result: NOTE
checkRd: (-1) duplicated_packages.Rd:19-22: Lost braces
19 | if (nrow(li) != 0) {\cr
| ^
checkRd: (-1) newcompassRose.Rd:54: Lost braces; missing escapes or markup?
54 | modified from Jim Lemon; See compassRose {sp}
| ^
checkRd: (-1) newmap.scale.Rd:51: Lost braces; missing escapes or markup?
51 | See map.scale {maps}
| ^
checkRd: (-1) symmetricize.Rd:18: Lost braces in \itemize; meant \describe ?
checkRd: (-1) symmetricize.Rd:19: Lost braces in \itemize; meant \describe ?
checkRd: (-1) symmetricize.Rd:20: Lost braces in \itemize; meant \describe ?
checkRd: (-1) symmetricize.Rd:21: Lost braces in \itemize; meant \describe ?
checkRd: (-1) symmetricize.Rd:22: Lost braces in \itemize; meant \describe ?
Flavors: r-devel-linux-x86_64-debian-clang, r-devel-linux-x86_64-debian-gcc