Last updated on 2023-12-07 04:56:24 CET.
Flavor | Version | Tinstall | Tcheck | Ttotal | Status | Flags |
---|---|---|---|---|---|---|
r-devel-linux-x86_64-debian-clang | 7.3.0 | 22.76 | 374.46 | 397.22 | OK | |
r-devel-linux-x86_64-debian-gcc | 7.3.0 | 18.50 | 271.39 | 289.89 | OK | |
r-devel-linux-x86_64-fedora-clang | 7.3.0 | 483.43 | OK | |||
r-devel-linux-x86_64-fedora-gcc | 7.3.0 | 480.14 | OK | |||
r-devel-windows-x86_64 | 7.3.0 | 25.00 | 299.00 | 324.00 | OK | |
r-patched-linux-x86_64 | 7.3.0 | 22.53 | 355.05 | 377.58 | OK | |
r-release-linux-x86_64 | 7.3.0 | 23.11 | 357.85 | 380.96 | OK | |
r-release-macos-arm64 | 7.3.0 | 138.00 | NOTE | |||
r-release-macos-x86_64 | 7.3.0 | 255.00 | NOTE | |||
r-release-windows-x86_64 | 7.3.0 | 33.00 | 362.00 | 395.00 | OK | |
r-oldrel-macos-arm64 | 7.3.0 | 138.00 | NOTE | |||
r-oldrel-macos-x86_64 | 7.3.0 | 163.00 | NOTE | |||
r-oldrel-windows-x86_64 | 7.3.0 | 33.00 | 361.00 | 394.00 | OK |
Version: 7.3.0
Check: package dependencies
Result: NOTE
Package suggested but not available for checking: ‘Rmpi’
Flavors: r-release-macos-arm64, r-release-macos-x86_64, r-oldrel-macos-arm64, r-oldrel-macos-x86_64