Last updated on 2023-12-08 05:02:06 CET.
Flavor | Version | Tinstall | Tcheck | Ttotal | Status | Flags |
---|---|---|---|---|---|---|
r-devel-linux-x86_64-debian-clang | 2.0.11 | 5.94 | 59.75 | 65.69 | OK | |
r-devel-linux-x86_64-debian-gcc | 2.0.11 | 5.37 | 45.51 | 50.88 | OK | |
r-devel-linux-x86_64-fedora-clang | 2.0.11 | 87.02 | OK | |||
r-devel-linux-x86_64-fedora-gcc | 2.0.11 | 92.76 | OK | |||
r-devel-windows-x86_64 | 2.0.11 | 6.00 | 71.00 | 77.00 | OK | |
r-patched-linux-x86_64 | 2.0.11 | 5.53 | 59.52 | 65.05 | OK | |
r-release-linux-x86_64 | 2.0.11 | 7.73 | 58.30 | 66.03 | OK | |
r-release-macos-arm64 | 2.0.11 | 41.00 | NOTE | |||
r-release-macos-x86_64 | 2.0.11 | 92.00 | NOTE | |||
r-release-windows-x86_64 | 2.0.11 | 7.00 | 77.00 | 84.00 | OK | |
r-oldrel-macos-arm64 | 2.0.11 | 33.00 | OK | |||
r-oldrel-macos-x86_64 | 2.0.11 | 42.00 | NOTE | |||
r-oldrel-windows-x86_64 | 2.0.11 | 9.00 | 81.00 | 90.00 | OK |
Version: 2.0.11
Check: package dependencies
Result: NOTE
Package suggested but not available for checking: ‘HTSFilter’
Flavors: r-release-macos-arm64, r-release-macos-x86_64, r-oldrel-macos-x86_64