CRAN Package Check Results for Package HMMpa

Last updated on 2024-04-14 05:59:44 CEST.

Flavor Version Tinstall Tcheck Ttotal Status Flags
r-devel-linux-x86_64-debian-clang 1.0.1 5.01 38.32 43.33 NOTE
r-devel-linux-x86_64-debian-gcc 1.0.1 4.53 28.53 33.06 NOTE
r-devel-linux-x86_64-fedora-clang 1.0.1 54.74 NOTE
r-devel-linux-x86_64-fedora-gcc 1.0.1 51.65 NOTE
r-devel-windows-x86_64 1.0.1 5.00 48.00 53.00 NOTE
r-patched-linux-x86_64 1.0.1 5.60 36.19 41.79 NOTE
r-release-linux-x86_64 1.0.1 5.14 36.33 41.47 NOTE
r-release-macos-arm64 1.0.1 19.00 NOTE
r-release-macos-x86_64 1.0.1 27.00 NOTE
r-release-windows-x86_64 1.0.1 6.00 53.00 59.00 NOTE
r-oldrel-macos-arm64 1.0.1 17.00 NOTE
r-oldrel-windows-x86_64 1.0.1 11.00 53.00 64.00 NOTE

Check Details

Version: 1.0.1
Check: LazyData
Result: NOTE 'LazyData' is specified without a 'data' directory Flavors: r-devel-linux-x86_64-debian-clang, r-devel-linux-x86_64-debian-gcc, r-devel-linux-x86_64-fedora-clang, r-devel-linux-x86_64-fedora-gcc, r-devel-windows-x86_64, r-patched-linux-x86_64, r-release-linux-x86_64, r-release-macos-arm64, r-release-macos-x86_64, r-release-windows-x86_64, r-oldrel-macos-arm64, r-oldrel-windows-x86_64