CRAN Package Check Results for Package HMMEsolver

Last updated on 2024-03-04 04:51:32 CET.

Flavor Version Tinstall Tcheck Ttotal Status Flags
r-devel-linux-x86_64-debian-clang 0.1.2 54.43 28.06 82.49 NOTE
r-devel-linux-x86_64-debian-gcc 0.1.2 39.30 22.53 61.83 NOTE
r-devel-linux-x86_64-fedora-clang 0.1.2 131.05 NOTE
r-devel-linux-x86_64-fedora-gcc 0.1.2 120.08 NOTE
r-devel-windows-x86_64 0.1.2 44.00 63.00 107.00 NOTE
r-patched-linux-x86_64 0.1.2 48.94 28.15 77.09 NOTE
r-release-linux-x86_64 0.1.2 52.95 27.98 80.93 NOTE
r-release-macos-arm64 0.1.2 32.00 NOTE
r-release-macos-x86_64 0.1.2 53.00 NOTE
r-release-windows-x86_64 0.1.2 56.00 68.00 124.00 NOTE
r-oldrel-macos-arm64 0.1.2 33.00 NOTE
r-oldrel-windows-x86_64 0.1.2 54.00 65.00 119.00 NOTE

Check Details

Version: 0.1.2
Check: C++ specification
Result: NOTE Specified C++11: please drop specification unless essential Flavors: r-devel-linux-x86_64-debian-clang, r-devel-linux-x86_64-debian-gcc, r-devel-linux-x86_64-fedora-clang, r-devel-linux-x86_64-fedora-gcc, r-devel-windows-x86_64, r-patched-linux-x86_64, r-release-linux-x86_64, r-release-macos-arm64, r-release-macos-x86_64, r-release-windows-x86_64

Version: 0.1.2
Check: LazyData
Result: NOTE 'LazyData' is specified without a 'data' directory Flavors: r-devel-linux-x86_64-debian-clang, r-devel-linux-x86_64-debian-gcc, r-devel-linux-x86_64-fedora-clang, r-devel-linux-x86_64-fedora-gcc, r-devel-windows-x86_64, r-patched-linux-x86_64, r-release-linux-x86_64, r-release-macos-arm64, r-release-macos-x86_64, r-release-windows-x86_64, r-oldrel-macos-arm64, r-oldrel-windows-x86_64