CRAN Package Check Results for Package HMB

Last updated on 2024-02-26 04:49:29 CET.

Flavor Version Tinstall Tcheck Ttotal Status Flags
r-devel-linux-x86_64-debian-clang 1.1 134.56 34.27 168.83 NOTE
r-devel-linux-x86_64-debian-gcc 1.1 106.23 27.23 133.46 NOTE
r-devel-linux-x86_64-fedora-clang 1.1 258.41 NOTE
r-devel-linux-x86_64-fedora-gcc 1.1 260.98 NOTE
r-devel-windows-x86_64 1.1 101.00 74.00 175.00 NOTE
r-patched-linux-x86_64 1.1 132.45 34.46 166.91 NOTE
r-release-linux-x86_64 1.1 136.84 33.61 170.45 NOTE
r-release-macos-arm64 1.1 59.00 NOTE
r-release-macos-x86_64 1.1 101.00 NOTE
r-release-windows-x86_64 1.1 131.00 76.00 207.00 NOTE
r-oldrel-macos-arm64 1.1 54.00 NOTE
r-oldrel-windows-x86_64 1.1 130.00 75.00 205.00 NOTE

Check Details

Version: 1.1
Check: C++ specification
Result: NOTE Specified C++11: please drop specification unless essential Flavors: r-devel-linux-x86_64-debian-clang, r-devel-linux-x86_64-debian-gcc, r-devel-linux-x86_64-fedora-clang, r-devel-linux-x86_64-fedora-gcc, r-devel-windows-x86_64, r-patched-linux-x86_64, r-release-linux-x86_64, r-release-macos-arm64, r-release-macos-x86_64, r-release-windows-x86_64

Version: 1.1
Check: installed package size
Result: NOTE installed size is 5.1Mb sub-directories of 1Mb or more: data 3.5Mb libs 1.3Mb Flavors: r-devel-windows-x86_64, r-release-macos-arm64, r-release-macos-x86_64, r-release-windows-x86_64, r-oldrel-macos-arm64, r-oldrel-windows-x86_64