CRAN Package Check Results for Package HACSim

Last updated on 2024-03-03 04:48:38 CET.

Flavor Version Tinstall Tcheck Ttotal Status Flags
r-devel-linux-x86_64-debian-clang 1.0.6-1 39.43 58.69 98.12 NOTE
r-devel-linux-x86_64-debian-gcc 1.0.6-1 27.05 45.30 72.35 NOTE
r-devel-linux-x86_64-fedora-clang 1.0.6-1 126.25 NOTE
r-devel-linux-x86_64-fedora-gcc 1.0.6-1 121.99 NOTE
r-devel-windows-x86_64 1.0.6-1 29.00 89.00 118.00 NOTE
r-patched-linux-x86_64 1.0.6-1 34.19 56.61 90.80 NOTE
r-release-linux-x86_64 1.0.6-1 32.95 56.70 89.65 NOTE
r-release-macos-arm64 1.0.6-1 40.00 NOTE
r-release-macos-x86_64 1.0.6-1 60.00 NOTE
r-release-windows-x86_64 1.0.6-1 37.00 102.00 139.00 NOTE
r-oldrel-macos-arm64 1.0.6-1 37.00 NOTE
r-oldrel-windows-x86_64 1.0.6-1 37.00 104.00 141.00 NOTE

Check Details

Version: 1.0.6-1
Check: C++ specification
Result: NOTE Specified C++11: please drop specification unless essential Flavors: r-devel-linux-x86_64-debian-clang, r-devel-linux-x86_64-debian-gcc, r-devel-linux-x86_64-fedora-clang, r-devel-linux-x86_64-fedora-gcc, r-devel-windows-x86_64, r-patched-linux-x86_64, r-release-linux-x86_64, r-release-macos-arm64, r-release-macos-x86_64, r-release-windows-x86_64

Version: 1.0.6-1
Check: installed package size
Result: NOTE installed size is 5.4Mb sub-directories of 1Mb or more: libs 1.0Mb shiny 4.3Mb Flavors: r-devel-windows-x86_64, r-release-macos-arm64, r-release-macos-x86_64, r-release-windows-x86_64, r-oldrel-macos-arm64, r-oldrel-windows-x86_64