Last updated on 2023-12-09 04:50:54 CET.
Flavor | Version | Tinstall | Tcheck | Ttotal | Status | Flags |
---|---|---|---|---|---|---|
r-devel-linux-x86_64-debian-clang | 2.0.2 | 77.69 | 96.22 | 173.91 | NOTE | |
r-devel-linux-x86_64-debian-gcc | 2.0.2 | 55.10 | 71.28 | 126.38 | NOTE | |
r-devel-linux-x86_64-fedora-clang | 2.0.2 | 236.04 | NOTE | |||
r-devel-linux-x86_64-fedora-gcc | 2.0.2 | 242.14 | NOTE | |||
r-devel-windows-x86_64 | 2.0.2 | 59.00 | 104.00 | 163.00 | NOTE | |
r-patched-linux-x86_64 | 2.0.2 | 64.95 | 93.03 | 157.98 | NOTE | |
r-release-linux-x86_64 | 2.0.2 | 67.93 | 91.18 | 159.11 | NOTE | |
r-release-macos-arm64 | 2.0.2 | 70.00 | NOTE | |||
r-release-macos-x86_64 | 2.0.2 | 115.00 | NOTE | |||
r-release-windows-x86_64 | 2.0.2 | 74.00 | 126.00 | 200.00 | NOTE | |
r-oldrel-macos-arm64 | 2.0.2 | 61.00 | OK | |||
r-oldrel-macos-x86_64 | 2.0.2 | 99.00 | OK | |||
r-oldrel-windows-x86_64 | 2.0.2 | 73.00 | 121.00 | 194.00 | OK |
Version: 2.0.2
Check: C++ specification
Result: NOTE
Specified C++11: please drop specification unless essential
Flavors: r-devel-linux-x86_64-debian-clang, r-devel-linux-x86_64-debian-gcc, r-devel-linux-x86_64-fedora-clang, r-devel-linux-x86_64-fedora-gcc, r-devel-windows-x86_64, r-patched-linux-x86_64, r-release-linux-x86_64, r-release-macos-arm64, r-release-macos-x86_64, r-release-windows-x86_64