Last updated on 2023-12-09 04:50:54 CET.
Flavor | Version | Tinstall | Tcheck | Ttotal | Status | Flags |
---|---|---|---|---|---|---|
r-devel-linux-x86_64-debian-clang | 0.0.3 | 2.29 | 29.70 | 31.99 | NOTE | |
r-devel-linux-x86_64-debian-gcc | 0.0.3 | 1.75 | 23.31 | 25.06 | NOTE | |
r-devel-linux-x86_64-fedora-clang | 0.0.3 | 40.17 | NOTE | |||
r-devel-linux-x86_64-fedora-gcc | 0.0.3 | 49.57 | NOTE | |||
r-devel-windows-x86_64 | 0.0.3 | 3.00 | 48.00 | 51.00 | NOTE | |
r-patched-linux-x86_64 | 0.0.3 | 1.76 | 28.85 | 30.61 | NOTE | |
r-release-linux-x86_64 | 0.0.3 | 1.72 | 28.47 | 30.19 | NOTE | |
r-release-macos-arm64 | 0.0.3 | 26.00 | NOTE | |||
r-release-macos-x86_64 | 0.0.3 | 35.00 | NOTE | |||
r-release-windows-x86_64 | 0.0.3 | 3.00 | 50.00 | 53.00 | NOTE | |
r-oldrel-macos-arm64 | 0.0.3 | 23.00 | NOTE | |||
r-oldrel-macos-x86_64 | 0.0.3 | 27.00 | NOTE | |||
r-oldrel-windows-x86_64 | 0.0.3 | 4.00 | 53.00 | 57.00 | NOTE |
Version: 0.0.3
Check: LazyData
Result: NOTE
'LazyData' is specified without a 'data' directory
Flavors: r-devel-linux-x86_64-debian-clang, r-devel-linux-x86_64-debian-gcc, r-devel-linux-x86_64-fedora-clang, r-devel-linux-x86_64-fedora-gcc, r-devel-windows-x86_64, r-patched-linux-x86_64, r-release-linux-x86_64, r-release-macos-arm64, r-release-macos-x86_64, r-release-windows-x86_64, r-oldrel-macos-arm64, r-oldrel-macos-x86_64, r-oldrel-windows-x86_64