Last updated on 2023-12-07 04:56:24 CET.
Flavor | Version | Tinstall | Tcheck | Ttotal | Status | Flags |
---|---|---|---|---|---|---|
r-devel-linux-x86_64-debian-clang | 0.3.0 | 95.35 | 636.60 | 731.95 | OK | |
r-devel-linux-x86_64-debian-gcc | 0.3.0 | 61.86 | 384.53 | 446.39 | OK | |
r-devel-linux-x86_64-fedora-clang | 0.3.0 | 941.57 | OK | |||
r-devel-linux-x86_64-fedora-gcc | 0.3.0 | 876.70 | OK | |||
r-devel-windows-x86_64 | 0.3.0 | 73.00 | 522.00 | 595.00 | OK | |
r-patched-linux-x86_64 | 0.3.0 | 60.40 | 533.05 | 593.45 | OK | |
r-release-linux-x86_64 | 0.3.0 | 69.86 | 538.01 | 607.87 | OK | |
r-release-macos-arm64 | 0.3.0 | 241.00 | NOTE | |||
r-release-macos-x86_64 | 0.3.0 | 422.00 | NOTE | |||
r-release-windows-x86_64 | 0.3.0 | 96.00 | 650.00 | 746.00 | OK | |
r-oldrel-macos-arm64 | 0.3.0 | 204.00 | NOTE | |||
r-oldrel-macos-x86_64 | 0.3.0 | 280.00 | NOTE | |||
r-oldrel-windows-x86_64 | 0.3.0 | 83.00 | 606.00 | 689.00 | OK |
Version: 0.3.0
Check: installed package size
Result: NOTE
installed size is 5.9Mb
sub-directories of 1Mb or more:
doc 1.7Mb
libs 3.7Mb
Flavors: r-release-macos-arm64, r-release-macos-x86_64, r-oldrel-macos-arm64, r-oldrel-macos-x86_64