CRAN Package Check Results for Package GiNA

Last updated on 2024-02-26 04:49:28 CET.

Flavor Version Tinstall Tcheck Ttotal Status Flags
r-devel-linux-x86_64-debian-clang 1.0.1 8.29 71.92 80.21 NOTE
r-devel-linux-x86_64-debian-gcc 1.0.1 5.53 55.61 61.14 NOTE
r-devel-linux-x86_64-fedora-clang 1.0.1 102.51 NOTE
r-devel-linux-x86_64-fedora-gcc 1.0.1 91.58 NOTE
r-devel-windows-x86_64 1.0.1 8.00 76.00 84.00 OK
r-patched-linux-x86_64 1.0.1 13.18 68.25 81.43 NOTE
r-release-linux-x86_64 1.0.1 6.57 70.11 76.68 NOTE
r-release-macos-arm64 1.0.1 37.00 OK
r-release-macos-x86_64 1.0.1 58.00 OK
r-release-windows-x86_64 1.0.1 11.00 90.00 101.00 OK
r-oldrel-macos-arm64 1.0.1 36.00 OK
r-oldrel-windows-x86_64 1.0.1 10.00 101.00 111.00 OK

Check Details

Version: 1.0.1
Check: for non-standard things in the check directory
Result: NOTE Found the following files/directories: ‘Pictures_analyzed’ ‘cutoff_vals’ ‘cutoff_vals1’ ‘gina_cran.JPG’ Flavors: r-devel-linux-x86_64-debian-clang, r-devel-linux-x86_64-debian-gcc, r-devel-linux-x86_64-fedora-clang, r-devel-linux-x86_64-fedora-gcc, r-patched-linux-x86_64, r-release-linux-x86_64