Last updated on 2023-11-30 04:52:51 CET.
Flavor | Version | Tinstall | Tcheck | Ttotal | Status | Flags |
---|---|---|---|---|---|---|
r-devel-linux-x86_64-debian-clang | 2.2.0 | 2.86 | 42.74 | 45.60 | OK | |
r-devel-linux-x86_64-debian-gcc | 2.2.0 | 2.51 | 32.61 | 35.12 | OK | |
r-devel-linux-x86_64-fedora-clang | 2.2.0 | 58.00 | NOTE | |||
r-devel-linux-x86_64-fedora-gcc | 2.2.0 | 67.37 | NOTE | |||
r-devel-windows-x86_64 | 2.2.0 | 3.00 | 70.00 | 73.00 | OK | |
r-patched-linux-x86_64 | 2.2.0 | 3.58 | 41.98 | 45.56 | OK | |
r-release-linux-x86_64 | 2.2.0 | 3.10 | 41.61 | 44.71 | OK | |
r-release-macos-arm64 | 2.2.0 | 31.00 | OK | |||
r-release-macos-x86_64 | 2.2.0 | 38.00 | OK | |||
r-release-windows-x86_64 | 2.2.0 | 7.00 | 68.00 | 75.00 | OK | |
r-oldrel-macos-arm64 | 2.2.0 | 28.00 | OK | |||
r-oldrel-macos-x86_64 | 2.2.0 | 36.00 | NOTE | |||
r-oldrel-windows-x86_64 | 2.2.0 | 5.00 | 75.00 | 80.00 | OK |
Version: 2.2.0
Check: data for non-ASCII characters
Result: NOTE
Note: found 17 marked UTF-8 strings
Flavors: r-devel-linux-x86_64-fedora-clang, r-devel-linux-x86_64-fedora-gcc, r-oldrel-macos-x86_64