CRAN Package Check Results for Package GWmodel

Last updated on 2024-02-23 05:07:21 CET.

Flavor Version Tinstall Tcheck Ttotal Status Flags
r-devel-linux-x86_64-debian-clang 2.3-2 OK
r-devel-linux-x86_64-debian-gcc 2.3-2 60.01 156.22 216.23 OK
r-devel-linux-x86_64-fedora-clang 2.3-2 382.23 OK
r-devel-linux-x86_64-fedora-gcc 2.3-2 229.12 OK
r-devel-windows-x86_64 2.3-2 62.00 182.00 244.00 OK
r-patched-linux-x86_64 2.3-2 90.25 204.23 294.48 OK
r-release-linux-x86_64 2.3-2 78.54 209.38 287.92 OK
r-release-macos-arm64 2.3-2 103.00 NOTE
r-release-macos-x86_64 2.3-2 189.00 NOTE
r-release-windows-x86_64 2.3-2 81.00 229.00 310.00 OK
r-oldrel-macos-arm64 2.3-2 90.00 NOTE
r-oldrel-windows-x86_64 2.3-2 74.00 217.00 291.00 OK

Check Details

Version: 2.3-2
Check: installed package size
Result: NOTE installed size is 6.9Mb sub-directories of 1Mb or more: data 1.5Mb libs 4.5Mb Flavors: r-release-macos-arm64, r-release-macos-x86_64, r-oldrel-macos-arm64