Last updated on 2023-12-10 04:55:59 CET.
Flavor | Version | Tinstall | Tcheck | Ttotal | Status | Flags |
---|---|---|---|---|---|---|
r-devel-linux-x86_64-debian-clang | 2.2 | 37.50 | 122.46 | 159.96 | NOTE | |
r-devel-linux-x86_64-debian-gcc | 2.2 | 29.52 | 90.23 | 119.75 | NOTE | |
r-devel-linux-x86_64-fedora-clang | 2.2 | 214.81 | NOTE | |||
r-devel-linux-x86_64-fedora-gcc | 2.2 | 200.56 | NOTE | |||
r-devel-windows-x86_64 | 2.2 | 32.00 | 117.00 | 149.00 | NOTE | |
r-patched-linux-x86_64 | 2.2 | 29.40 | 118.39 | 147.79 | NOTE | |
r-release-linux-x86_64 | 2.2 | 28.02 | 115.44 | 143.46 | NOTE | |
r-release-macos-arm64 | 2.2 | 55.00 | NOTE | |||
r-release-macos-x86_64 | 2.2 | 90.00 | NOTE | |||
r-release-windows-x86_64 | 2.2 | 44.00 | 138.00 | 182.00 | NOTE | |
r-oldrel-macos-arm64 | 2.2 | 43.00 | OK | |||
r-oldrel-macos-x86_64 | 2.2 | 68.00 | OK | |||
r-oldrel-windows-x86_64 | 2.2 | 45.00 | 135.00 | 180.00 | NOTE |
Version: 2.2
Check: C++ specification
Result: NOTE
Specified C++11: please drop specification unless essential
Flavors: r-devel-linux-x86_64-debian-clang, r-devel-linux-x86_64-debian-gcc, r-devel-linux-x86_64-fedora-clang, r-devel-linux-x86_64-fedora-gcc, r-devel-windows-x86_64, r-patched-linux-x86_64, r-release-linux-x86_64, r-release-macos-arm64, r-release-macos-x86_64, r-release-windows-x86_64
Version: 2.2
Check: HTML version of manual
Result: NOTE
Found the following problems:
GWASinlps.Rd:187:1: Warning: trimming empty <h4>
Flavor: r-oldrel-windows-x86_64