Last updated on 2023-12-11 04:51:07 CET.
Flavor | Version | Tinstall | Tcheck | Ttotal | Status | Flags |
---|---|---|---|---|---|---|
r-devel-linux-x86_64-debian-clang | 1.0.0 | 7.59 | 85.23 | 92.82 | NOTE | |
r-devel-linux-x86_64-debian-gcc | 1.0.0 | 6.07 | 64.17 | 70.24 | NOTE | |
r-devel-linux-x86_64-fedora-clang | 1.0.0 | 112.57 | OK | |||
r-devel-linux-x86_64-fedora-gcc | 1.0.0 | 111.65 | OK | |||
r-devel-windows-x86_64 | 1.0.0 | 7.00 | 79.00 | 86.00 | OK | |
r-patched-linux-x86_64 | 1.0.0 | 7.63 | 84.92 | 92.55 | OK | |
r-release-linux-x86_64 | 1.0.0 | 6.12 | 87.86 | 93.98 | OK | |
r-release-macos-arm64 | 1.0.0 | 35.00 | OK | |||
r-release-macos-x86_64 | 1.0.0 | 59.00 | OK | |||
r-release-windows-x86_64 | 1.0.0 | 9.00 | 92.00 | 101.00 | OK | |
r-oldrel-macos-arm64 | 1.0.0 | 35.00 | OK | |||
r-oldrel-macos-x86_64 | 1.0.0 | 47.00 | OK | |||
r-oldrel-windows-x86_64 | 1.0.0 | 10.00 | 92.00 | 102.00 | OK |
Version: 1.0.0
Check: Rd files
Result: NOTE
checkRd: (-1) artset1987.Rd:10: Lost braces in \itemize; meant \describe ?
checkRd: (-1) tumor.Rd:10: Lost braces in \itemize; meant \describe ?
checkRd: (-1) tumor.Rd:11: Lost braces in \itemize; meant \describe ?
checkRd: (-1) tumor.Rd:12: Lost braces in \itemize; meant \describe ?
Flavors: r-devel-linux-x86_64-debian-clang, r-devel-linux-x86_64-debian-gcc