Last updated on 2023-12-02 04:52:15 CET.
Flavor | Version | Tinstall | Tcheck | Ttotal | Status | Flags |
---|---|---|---|---|---|---|
r-devel-linux-x86_64-debian-clang | 1.03.2 | 3.55 | 31.55 | 35.10 | NOTE | |
r-devel-linux-x86_64-debian-gcc | 1.03.2 | 2.87 | 24.09 | 26.96 | NOTE | |
r-devel-linux-x86_64-fedora-clang | 1.03.2 | 43.26 | NOTE | |||
r-devel-linux-x86_64-fedora-gcc | 1.03.2 | 41.52 | NOTE | |||
r-devel-windows-x86_64 | 1.03.2 | 3.00 | 48.00 | 51.00 | NOTE | |
r-patched-linux-x86_64 | 1.03.2 | 3.41 | 31.07 | 34.48 | OK | |
r-release-linux-x86_64 | 1.03.2 | 3.43 | 30.68 | 34.11 | OK | |
r-release-macos-arm64 | 1.03.2 | 19.00 | OK | |||
r-release-macos-x86_64 | 1.03.2 | 26.00 | OK | |||
r-release-windows-x86_64 | 1.03.2 | 4.00 | 48.00 | 52.00 | OK | |
r-oldrel-macos-arm64 | 1.03.2 | 17.00 | OK | |||
r-oldrel-macos-x86_64 | 1.03.2 | 25.00 | OK | |||
r-oldrel-windows-x86_64 | 1.03.2 | 7.00 | 54.00 | 61.00 | OK |
Version: 1.03.2
Check: Rd \usage sections
Result: NOTE
Objects in \usage without \alias in Rd file 'GSA.internal.Rd':
‘est.s0’
Functions with \usage entries need to have the appropriate \alias
entries, and all their arguments documented.
The \usage entries must correspond to syntactically valid R code.
See chapter ‘Writing R documentation files’ in the ‘Writing R
Extensions’ manual.
Flavors: r-devel-linux-x86_64-debian-clang, r-devel-linux-x86_64-debian-gcc, r-devel-linux-x86_64-fedora-clang, r-devel-linux-x86_64-fedora-gcc, r-devel-windows-x86_64