CRAN Package Check Results for Package GRTo

Last updated on 2023-12-10 04:55:59 CET.

Flavor Version Tinstall Tcheck Ttotal Status Flags
r-devel-linux-x86_64-debian-clang 1.3 3.34 43.98 47.32 NOTE
r-devel-linux-x86_64-debian-gcc 1.3 3.22 33.26 36.48 NOTE
r-devel-linux-x86_64-fedora-clang 1.3 59.74 NOTE
r-devel-linux-x86_64-fedora-gcc 1.3 57.03 NOTE
r-devel-windows-x86_64 1.3 5.00 52.00 57.00 NOTE
r-patched-linux-x86_64 1.3 4.51 43.64 48.15 NOTE
r-release-linux-x86_64 1.3 3.06 43.17 46.23 NOTE
r-release-macos-arm64 1.3 19.00 NOTE
r-release-macos-x86_64 1.3 32.00 NOTE
r-release-windows-x86_64 1.3 4.00 55.00 59.00 NOTE
r-oldrel-macos-arm64 1.3 20.00 OK
r-oldrel-macos-x86_64 1.3 28.00 OK
r-oldrel-windows-x86_64 1.3 7.00 64.00 71.00 OK

Check Details

Version: 1.3
Check: Rd files
Result: NOTE checkRd: (-1) fmddisc.Rd:23: Escaped LaTeX specials: \_ checkRd: (-1) schuster.Rd:46: Escaped LaTeX specials: \_ checkRd: (-1) schuster.Rd:54: Escaped LaTeX specials: \& Flavors: r-devel-linux-x86_64-debian-clang, r-devel-linux-x86_64-debian-gcc, r-devel-linux-x86_64-fedora-clang, r-devel-linux-x86_64-fedora-gcc, r-devel-windows-x86_64, r-patched-linux-x86_64, r-release-linux-x86_64, r-release-macos-arm64, r-release-macos-x86_64, r-release-windows-x86_64

Version: 1.3
Check: for non-standard things in the check directory
Result: NOTE Found the following files/directories: ‘FMD mag discontinuities_disc.png’ ‘FMD mag discontinuities_disc1.res’ ‘FMD mag discontinuities_disc2.res’ ‘IDYLLWILD_bvmed.png’ ‘IDYLLWILD_fig.png’ ‘Schuster's diagram_schu.png’ ‘hour.res’ Flavors: r-devel-linux-x86_64-debian-clang, r-devel-linux-x86_64-debian-gcc, r-devel-linux-x86_64-fedora-clang, r-devel-linux-x86_64-fedora-gcc, r-patched-linux-x86_64, r-release-linux-x86_64