Last updated on 2023-12-09 04:50:54 CET.
Flavor | Version | Tinstall | Tcheck | Ttotal | Status | Flags |
---|---|---|---|---|---|---|
r-devel-linux-x86_64-debian-clang | 1.0-8 | 2.30 | 61.23 | 63.53 | OK | |
r-devel-linux-x86_64-debian-gcc | 1.0-8 | 2.48 | 45.04 | 47.52 | OK | |
r-devel-linux-x86_64-fedora-clang | 1.0-8 | 80.58 | OK | |||
r-devel-linux-x86_64-fedora-gcc | 1.0-8 | 74.63 | OK | |||
r-devel-windows-x86_64 | 1.0-8 | 4.00 | 69.00 | 73.00 | OK | |
r-patched-linux-x86_64 | 1.0-8 | 3.87 | 59.60 | 63.47 | OK | |
r-release-linux-x86_64 | 1.0-8 | 3.37 | 57.19 | 60.56 | OK | |
r-release-macos-arm64 | 1.0-8 | 28.00 | OK | |||
r-release-macos-x86_64 | 1.0-8 | 55.00 | ERROR | |||
r-release-windows-x86_64 | 1.0-8 | 5.00 | 77.00 | 82.00 | OK | |
r-oldrel-macos-arm64 | 1.0-8 | 27.00 | OK | |||
r-oldrel-macos-x86_64 | 1.0-8 | 38.00 | OK | |||
r-oldrel-windows-x86_64 | 1.0-8 | 5.00 | 81.00 | 86.00 | OK |
Version: 1.0-8
Check: tests
Result: ERROR
Running ‘testthat.R’ [6s/13s]
Running the tests in ‘tests/testthat.R’ failed.
Last 13 lines of output:
── 1. Failure ('test_predict.GP.R:64:9'): check predict.GP ─────────────────────
smse2 >= 0 & smse2 < 30 is not TRUE
`actual`: FALSE
`expected`: TRUE
── 2. Failure ('test_predict.GP.R:81:9'): check predict.GP ─────────────────────
sum(gpp2$complete_data[, 5] - ms2 < 1e-05) >= 10 is not TRUE
`actual`: FALSE
`expected`: TRUE
══ DONE ════════════════════════════════════════════════════════════════════════
Error: Test failures
Execution halted
Flavor: r-release-macos-x86_64