CRAN Package Check Results for Package GMCM

Last updated on 2024-02-26 04:49:28 CET.

Flavor Version Tinstall Tcheck Ttotal Status Flags
r-devel-linux-x86_64-debian-clang 1.4 43.49 213.80 257.29 NOTE
r-devel-linux-x86_64-debian-gcc 1.4 31.15 152.50 183.65 NOTE
r-devel-linux-x86_64-fedora-clang 1.4 331.45 NOTE
r-devel-linux-x86_64-fedora-gcc 1.4 336.43 NOTE
r-devel-windows-x86_64 1.4 32.00 261.00 293.00 OK
r-patched-linux-x86_64 1.4 41.42 205.30 246.72 OK
r-release-linux-x86_64 1.4 45.48 205.42 250.90 OK
r-release-macos-arm64 1.4 97.00 OK
r-release-macos-x86_64 1.4 201.00 OK
r-release-windows-x86_64 1.4 39.00 302.00 341.00 OK
r-oldrel-macos-arm64 1.4 87.00 OK
r-oldrel-windows-x86_64 1.4 38.00 298.00 336.00 OK

Check Details

Version: 1.4
Check: Rd files
Result: NOTE checkRd: (-1) rtheta.Rd:50-76: Lost braces in \itemize; meant \describe ? Flavors: r-devel-linux-x86_64-debian-clang, r-devel-linux-x86_64-debian-gcc, r-devel-linux-x86_64-fedora-clang, r-devel-linux-x86_64-fedora-gcc